Last updated on 2023-09-24 07:55:11 CEST.
Flavor | Version | Tinstall | Tcheck | Ttotal | Status | Flags |
---|---|---|---|---|---|---|
r-devel-linux-x86_64-debian-clang | 1.0.0 | 2.80 | 39.78 | 42.58 | OK | |
r-devel-linux-x86_64-debian-gcc | 1.0.0 | 2.59 | 29.27 | 31.86 | OK | |
r-devel-linux-x86_64-fedora-clang | 1.0.0 | 50.46 | NOTE | |||
r-devel-linux-x86_64-fedora-gcc | 1.0.0 | 63.02 | NOTE | |||
r-devel-windows-x86_64 | 1.0.0 | 4.00 | 53.00 | 57.00 | OK | |
r-patched-linux-x86_64 | 1.0.0 | 2.94 | 35.33 | 38.27 | OK | |
r-release-linux-x86_64 | 1.0.0 | 3.09 | 36.33 | 39.42 | OK | |
r-release-macos-arm64 | 1.0.0 | 27.00 | OK | |||
r-release-macos-x86_64 | 1.0.0 | 38.00 | OK | |||
r-release-windows-x86_64 | 1.0.0 | 5.00 | 55.00 | 60.00 | OK | |
r-oldrel-macos-arm64 | 1.0.0 | 24.00 | NOTE | |||
r-oldrel-macos-x86_64 | 1.0.0 | 30.00 | NOTE | |||
r-oldrel-windows-x86_64 | 1.0.0 | 6.00 | 61.00 | 67.00 | OK |
Version: 1.0.0
Check: data for non-ASCII characters
Result: NOTE
Note: found 12 marked UTF-8 strings
Flavors: r-devel-linux-x86_64-fedora-clang, r-devel-linux-x86_64-fedora-gcc, r-oldrel-macos-arm64, r-oldrel-macos-x86_64