CRAN Package Check Results for Package isodistrreg

Last updated on 2021-06-17 06:48:12 CEST.

Flavor Version Tinstall Tcheck Ttotal Status Flags
r-devel-linux-x86_64-debian-clang 0.1.0 44.12 90.16 134.28 OK
r-devel-linux-x86_64-debian-gcc 0.1.0 25.56 68.97 94.53 OK
r-devel-linux-x86_64-fedora-clang 0.1.0 175.47 NOTE
r-devel-linux-x86_64-fedora-gcc 0.1.0 154.59 NOTE
r-devel-windows-x86_64 0.1.0 51.00 89.00 140.00 OK
r-devel-windows-x86_64-gcc10-UCRT 0.1.0 NOTE
r-patched-linux-x86_64 0.1.0 35.84 86.14 121.98 OK
r-patched-solaris-x86 0.1.0 186.40 NOTE
r-release-linux-x86_64 0.1.0 36.59 85.91 122.50 OK
r-release-macos-arm64 0.1.0 NOTE
r-release-macos-x86_64 0.1.0 NOTE
r-release-windows-ix86+x86_64 0.1.0 91.00 154.00 245.00 OK
r-oldrel-macos-x86_64 0.1.0 NOTE
r-oldrel-windows-ix86+x86_64 0.1.0 67.00 156.00 223.00 OK

Check Details

Version: 0.1.0
Check: dependencies in R code
Result: NOTE
    Namespace in Imports field not imported from: ‘Rcpp’
     All declared Imports should be used.
Flavors: r-devel-linux-x86_64-fedora-clang, r-devel-linux-x86_64-fedora-gcc, r-devel-windows-x86_64-gcc10-UCRT, r-patched-solaris-x86, r-release-macos-arm64, r-release-macos-x86_64, r-oldrel-macos-x86_64