CRAN Package Check Results for Package isopam

Last updated on 2024-06-13 06:58:05 CEST.

Flavor Version Tinstall Tcheck Ttotal Status Flags
r-devel-linux-x86_64-debian-clang 2.0 13.72 110.54 124.26 OK
r-devel-linux-x86_64-debian-gcc 2.0 0.32 1.72 2.04 ERROR
r-devel-linux-x86_64-fedora-clang 2.0 153.18 OK
r-devel-linux-x86_64-fedora-gcc 2.0 149.02 OK
r-devel-windows-x86_64 2.0 11.00 93.00 104.00 OK
r-patched-linux-x86_64 2.0 10.39 108.83 119.22 OK
r-release-linux-x86_64 2.0 11.03 109.03 120.06 OK
r-release-macos-arm64 2.0 44.00 OK
r-release-macos-x86_64 2.0 66.00 OK
r-release-windows-x86_64 2.0 13.00 95.00 108.00 OK
r-oldrel-macos-arm64 2.0 48.00 OK
r-oldrel-macos-x86_64 2.0 120.00 OK
r-oldrel-windows-x86_64 2.0 14.00 122.00 136.00 OK

Check Details

Version: 2.0
Check: package dependencies
Result: ERROR Packages required but not available: 'ggplot2', 'tibble' See section ‘The DESCRIPTION file’ in the ‘Writing R Extensions’ manual. Flavor: r-devel-linux-x86_64-debian-gcc