CRAN Package Check Results for Package ivmte

Last updated on 2022-01-26 06:50:18 CET.

Flavor Version Tinstall Tcheck Ttotal Status Flags
r-devel-linux-x86_64-debian-clang 1.4.0 15.02 108.85 123.87 NOTE --no-vignettes
r-devel-linux-x86_64-debian-gcc 1.4.0 14.55 81.64 96.19 NOTE --no-vignettes
r-devel-linux-x86_64-fedora-clang 1.4.0 152.83 NOTE --no-vignettes
r-devel-linux-x86_64-fedora-gcc 1.4.0 140.75 NOTE --no-vignettes
r-devel-windows-x86_64-new-UL 1.4.0 122.00 142.00 264.00 NOTE --no-vignettes
r-devel-windows-x86_64-new-TK 1.4.0 NOTE --no-vignettes
r-patched-linux-x86_64 1.4.0 15.83 101.92 117.75 NOTE --no-vignettes
r-release-linux-x86_64 1.4.0 17.06 102.01 119.07 NOTE --no-vignettes
r-release-macos-arm64 1.4.0 NOTE
r-release-macos-x86_64 1.4.0 NOTE
r-release-windows-ix86+x86_64 1.4.0 27.00 115.00 142.00 NOTE --no-vignettes
r-oldrel-macos-x86_64 1.4.0 NOTE
r-oldrel-windows-ix86+x86_64 1.4.0 27.00 82.00 109.00 NOTE --no-vignettes

Check Details

Version: 1.4.0
Flags: --no-vignettes
Check: package dependencies
Result: NOTE
    Packages suggested but not available for checking: 'gurobi', 'cplexAPI'
Flavors: r-devel-linux-x86_64-debian-clang, r-devel-linux-x86_64-debian-gcc, r-devel-linux-x86_64-fedora-clang, r-devel-linux-x86_64-fedora-gcc, r-devel-windows-x86_64-new-UL, r-patched-linux-x86_64, r-release-linux-x86_64, r-release-windows-ix86+x86_64, r-oldrel-windows-ix86+x86_64

Version: 1.4.0
Flags: --no-vignettes
Check: package dependencies
Result: NOTE
    Packages suggested but not available for checking:
     'gurobi', 'cplexAPI', 'AER'
Flavor: r-devel-windows-x86_64-new-TK

Version: 1.4.0
Check: package dependencies
Result: NOTE
    Packages suggested but not available for checking: 'gurobi', 'cplexAPI'
Flavors: r-release-macos-arm64, r-release-macos-x86_64, r-oldrel-macos-x86_64