Last updated on 2023-03-24 05:52:16 CET.
Flavor | Version | Tinstall | Tcheck | Ttotal | Status | Flags |
---|---|---|---|---|---|---|
r-devel-linux-x86_64-debian-clang | 0.2.0 | 7.03 | 85.21 | 92.24 | OK | |
r-devel-linux-x86_64-debian-gcc | 0.2.0 | 5.04 | 64.92 | 69.96 | OK | |
r-devel-linux-x86_64-fedora-clang | 0.2.0 | 119.35 | OK | |||
r-devel-linux-x86_64-fedora-gcc | 0.2.0 | 126.39 | OK | |||
r-patched-linux-x86_64 | 0.2.0 | 6.29 | 78.69 | 84.98 | OK | |
r-release-linux-x86_64 | 0.2.0 | 4.66 | 82.35 | 87.01 | OK | |
r-release-macos-arm64 | 0.2.0 | 34.00 | OK | |||
r-release-macos-x86_64 | 0.2.0 | 9.00 | ERROR | |||
r-release-windows-x86_64 | 0.2.0 | 51.00 | 122.00 | 173.00 | OK | |
r-oldrel-macos-arm64 | 0.2.0 | 33.00 | OK | |||
r-oldrel-macos-x86_64 | 0.2.0 | 12.00 | ERROR | |||
r-oldrel-windows-ix86+x86_64 | 0.2.0 | 13.00 | 106.00 | 119.00 | OK |
Version: 0.2.0
Check: package dependencies
Result: ERROR
Package required and available but unsuitable version: ‘vctrs’
See section ‘The DESCRIPTION file’ in the ‘Writing R Extensions’
manual.
Flavors: r-release-macos-x86_64, r-oldrel-macos-x86_64