CRAN Package Check Results for Package janus

Last updated on 2024-06-13 06:58:05 CEST.

Flavor Version Tinstall Tcheck Ttotal Status Flags
r-devel-linux-x86_64-debian-clang 1.0.0 17.91 132.09 150.00 OK
r-devel-linux-x86_64-debian-gcc 1.0.0 0.35 1.75 2.10 ERROR
r-devel-linux-x86_64-fedora-clang 1.0.0 191.07 OK
r-devel-linux-x86_64-fedora-gcc 1.0.0 179.23 OK
r-devel-windows-x86_64 1.0.0 14.00 166.00 180.00 OK
r-patched-linux-x86_64 1.0.0 15.84 129.59 145.43 OK
r-release-linux-x86_64 1.0.0 10.49 126.45 136.94 OK
r-release-macos-arm64 1.0.0 46.00 OK
r-release-macos-x86_64 1.0.0 78.00 OK
r-release-windows-x86_64 1.0.0 14.00 150.00 164.00 OK
r-oldrel-macos-arm64 1.0.0 47.00 OK
r-oldrel-macos-x86_64 1.0.0 90.00 OK
r-oldrel-windows-x86_64 1.0.0 19.00 147.00 166.00 OK

Check Details

Version: 1.0.0
Check: package dependencies
Result: ERROR Packages required but not available: 'keras', 'tensorflow', 'dplyr', 'purrr', 'forcats', 'readr', 'ggplot2', 'narray', 'lubridate', 'StatRank' Package suggested but not available for checking: ‘testthat’ See section ‘The DESCRIPTION file’ in the ‘Writing R Extensions’ manual. Flavor: r-devel-linux-x86_64-debian-gcc