CRAN Package Check Results for Package jinjar

Last updated on 2023-03-24 05:52:16 CET.

Flavor Version Tinstall Tcheck Ttotal Status Flags
r-devel-linux-x86_64-debian-clang 0.3.0 58.60 47.00 105.60 NOTE
r-devel-linux-x86_64-debian-gcc 0.3.0 61.00 36.06 97.06 NOTE
r-devel-linux-x86_64-fedora-clang 0.3.0 167.46 NOTE
r-devel-linux-x86_64-fedora-gcc 0.3.0 167.60 NOTE
r-patched-linux-x86_64 0.3.0 65.64 47.09 112.73 OK
r-release-linux-x86_64 0.3.0 58.03 47.94 105.97 OK
r-release-macos-arm64 0.3.0 45.00 NOTE
r-release-macos-x86_64 0.3.0 63.00 NOTE
r-release-windows-x86_64 0.3.0 81.00 109.00 190.00 OK
r-oldrel-macos-arm64 0.3.0 44.00 NOTE
r-oldrel-macos-x86_64 0.3.0 64.00 NOTE
r-oldrel-windows-ix86+x86_64 0.3.0 152.00 105.00 257.00 OK

Check Details

Version: 0.3.0
Check: C++ specification
Result: NOTE
     Specified C++11: please drop specification unless essential
Flavors: r-devel-linux-x86_64-debian-clang, r-devel-linux-x86_64-debian-gcc, r-devel-linux-x86_64-fedora-clang, r-devel-linux-x86_64-fedora-gcc

Version: 0.3.0
Check: installed package size
Result: NOTE
     installed size is 7.1Mb
     sub-directories of 1Mb or more:
     libs 6.9Mb
Flavors: r-release-macos-arm64, r-release-macos-x86_64, r-oldrel-macos-arm64, r-oldrel-macos-x86_64