CRAN Package Check Results for Package jmotif

Last updated on 2021-06-19 06:48:12 CEST.

Flavor Version Tinstall Tcheck Ttotal Status Flags
r-devel-linux-x86_64-debian-clang 1.1.1 268.37 36.06 304.43 OK
r-devel-linux-x86_64-debian-gcc 1.1.1 171.24 28.35 199.59 OK
r-devel-linux-x86_64-fedora-clang 1.1.1 454.07 NOTE
r-devel-linux-x86_64-fedora-gcc 1.1.1 401.48 OK
r-devel-windows-x86_64 1.1.1 330.00 55.00 385.00 OK
r-devel-windows-x86_64-gcc10-UCRT 1.1.1 OK
r-patched-linux-x86_64 1.1.1 219.42 34.70 254.12 OK
r-patched-solaris-x86 1.1.1 324.80 OK
r-release-linux-x86_64 1.1.1 209.58 34.90 244.48 OK
r-release-macos-arm64 1.1.1 NOTE
r-release-macos-x86_64 1.1.1 NOTE
r-release-windows-ix86+x86_64 1.1.1 632.00 90.00 722.00 OK
r-oldrel-macos-x86_64 1.1.1 NOTE
r-oldrel-windows-ix86+x86_64 1.1.1 469.00 98.00 567.00 OK

Check Details

Version: 1.1.1
Check: installed package size
Result: NOTE
     installed size is 7.3Mb
     sub-directories of 1Mb or more:
     data 1.1Mb
     libs 6.1Mb
Flavors: r-devel-linux-x86_64-fedora-clang, r-release-macos-arm64, r-release-macos-x86_64, r-oldrel-macos-x86_64