CRAN Package Check Results for Package jmv

Last updated on 2022-01-18 06:52:50 CET.

Flavor Version Tinstall Tcheck Ttotal Status Flags
r-devel-linux-x86_64-debian-clang 2.0 89.78 128.85 218.63 OK
r-devel-linux-x86_64-debian-gcc 2.0 78.67 97.09 175.76 OK
r-devel-linux-x86_64-fedora-clang 2.0 304.35 NOTE
r-devel-linux-x86_64-fedora-gcc 2.0 271.87 NOTE
r-devel-windows-x86_64-new-UL 2.0 127.00 148.00 275.00 OK
r-devel-windows-x86_64-new-TK 2.0 ERROR
r-patched-linux-x86_64 2.0 90.74 124.10 214.84 OK
r-release-linux-x86_64 2.0 OK
r-release-macos-arm64 2.0 NOTE
r-release-macos-x86_64 2.0 NOTE
r-release-windows-ix86+x86_64 2.0 148.00 152.00 300.00 OK
r-oldrel-macos-x86_64 2.0 NOTE
r-oldrel-windows-ix86+x86_64 2.0 147.00 156.00 303.00 OK

Check Details

Version: 2.0
Check: dependencies in R code
Result: NOTE
    Namespaces in Imports field not imported from:
     ‘BayesFactor’ ‘GGally’ ‘GPArotation’ ‘MASS’ ‘PMCMR’ ‘R6’ ‘ROCR’
     ‘afex’ ‘car’ ‘emmeans’ ‘ggridges’ ‘lavaan’ ‘multcomp’ ‘mvnormtest’
     ‘nnet’ ‘psych’ ‘vcd’ ‘vcdExtra’
     All declared Imports should be used.
Flavors: r-devel-linux-x86_64-fedora-clang, r-devel-linux-x86_64-fedora-gcc, r-release-macos-arm64, r-release-macos-x86_64, r-oldrel-macos-x86_64

Version: 2.0
Check: package dependencies
Result: ERROR
    Packages required but not available: 'car', 'afex'
    
    Package suggested but not available for checking: 'semPlot'
    
    See section 'The DESCRIPTION file' in the 'Writing R Extensions'
    manual.
Flavor: r-devel-windows-x86_64-new-TK