Last updated on 2023-01-28 07:14:58 CET.
Flavor | Version | Tinstall | Tcheck | Ttotal | Status | Flags |
---|---|---|---|---|---|---|
r-devel-linux-x86_64-debian-clang | 2.3.13 | 26.13 | 32.13 | 58.26 | OK | |
r-devel-linux-x86_64-debian-gcc | 2.3.13 | 21.44 | 25.15 | 46.59 | NOTE | |
r-devel-linux-x86_64-fedora-clang | 2.3.13 | 88.88 | OK | |||
r-devel-linux-x86_64-fedora-gcc | 2.3.13 | 78.95 | NOTE | |||
r-devel-windows-x86_64 | 2.3.13 | 39.00 | 78.00 | 117.00 | OK | |
r-patched-linux-x86_64 | 2.3.13 | 23.59 | 32.29 | 55.88 | OK | |
r-release-linux-x86_64 | 2.3.13 | 23.70 | 32.39 | 56.09 | OK | |
r-release-macos-arm64 | 2.3.13 | 28.00 | OK | |||
r-release-macos-x86_64 | 2.3.13 | 36.00 | OK | |||
r-release-windows-x86_64 | 2.3.13 | 35.00 | 89.00 | 124.00 | OK | |
r-oldrel-macos-arm64 | 2.3.13 | 30.00 | OK | |||
r-oldrel-macos-x86_64 | 2.3.13 | 34.00 | OK | |||
r-oldrel-windows-ix86+x86_64 | 2.3.13 | 76.00 | 87.00 | 163.00 | OK |
Version: 2.3.13
Check: C++ specification
Result: NOTE
Specified C++11: please update to current default of C++17
Flavors: r-devel-linux-x86_64-debian-gcc, r-devel-linux-x86_64-fedora-gcc