Last updated on 2022-07-04 06:51:26 CEST.
Flavor | Version | Tinstall | Tcheck | Ttotal | Status | Flags |
---|---|---|---|---|---|---|
r-devel-linux-x86_64-debian-clang | 2.7-3 | 87.62 | 275.39 | 363.01 | WARN | |
r-devel-linux-x86_64-debian-gcc | 2.7-3 | 83.77 | 196.41 | 280.18 | OK | |
r-devel-linux-x86_64-fedora-clang | 2.7-3 | 442.82 | WARN | |||
r-devel-linux-x86_64-fedora-gcc | 2.7-3 | 457.66 | OK | |||
r-devel-windows-x86_64 | 2.7-3 | 91.00 | 250.00 | 341.00 | OK | |
r-patched-linux-x86_64 | 2.7-3 | 71.15 | 260.82 | 331.97 | OK | |
r-release-linux-x86_64 | 2.7-3 | 81.82 | 258.62 | 340.44 | OK | |
r-release-macos-arm64 | 2.7-3 | 108.00 | OK | |||
r-release-macos-x86_64 | 2.7-3 | 162.00 | OK | |||
r-release-windows-x86_64 | 2.7-3 | 90.00 | 271.00 | 361.00 | OK | |
r-oldrel-macos-arm64 | 2.7-3 | 107.00 | OK | |||
r-oldrel-macos-x86_64 | 2.7-3 | 129.00 | OK | |||
r-oldrel-windows-ix86+x86_64 | 2.7-3 | 192.00 | 375.00 | 567.00 | OK |
Version: 2.7-3
Check: whether package can be installed
Result: WARN
Found the following significant warnings:
jomo1C.c:377:12: warning: use of bitwise '&' with boolean operands [-Wbitwise-instead-of-logical]
jomo1C.c:385:17: warning: use of bitwise '&' with boolean operands [-Wbitwise-instead-of-logical]
jomo1ranC.c:520:12: warning: use of bitwise '&' with boolean operands [-Wbitwise-instead-of-logical]
jomo1ranC.c:528:17: warning: use of bitwise '&' with boolean operands [-Wbitwise-instead-of-logical]
jomo1ranhrC.c:679:14: warning: use of bitwise '&' with boolean operands [-Wbitwise-instead-of-logical]
jomo1ranhrC.c:687:19: warning: use of bitwise '&' with boolean operands [-Wbitwise-instead-of-logical]
jomo1ranhrC.c:751:13: warning: use of bitwise '&' with boolean operands [-Wbitwise-instead-of-logical]
jomo1ranhrC.c:758:18: warning: use of bitwise '&' with boolean operands [-Wbitwise-instead-of-logical]
jomo2comC.c:843:12: warning: use of bitwise '&' with boolean operands [-Wbitwise-instead-of-logical]
jomo2comC.c:851:17: warning: use of bitwise '&' with boolean operands [-Wbitwise-instead-of-logical]
jomo2hrC.c:982:14: warning: use of bitwise '&' with boolean operands [-Wbitwise-instead-of-logical]
jomo2hrC.c:990:19: warning: use of bitwise '&' with boolean operands [-Wbitwise-instead-of-logical]
jomo2hrC.c:1054:13: warning: use of bitwise '&' with boolean operands [-Wbitwise-instead-of-logical]
jomo2hrC.c:1061:18: warning: use of bitwise '&' with boolean operands [-Wbitwise-instead-of-logical]
Flavors: r-devel-linux-x86_64-debian-clang, r-devel-linux-x86_64-fedora-clang