CRAN Package Check Results for Package jsTreeR

Last updated on 2021-01-18 06:46:36 CET.

Flavor Version Tinstall Tcheck Ttotal Status Flags
r-devel-linux-x86_64-debian-clang 1.2.0 4.71 43.19 47.90 OK
r-devel-linux-x86_64-debian-gcc 1.2.0 3.96 34.27 38.23 OK
r-devel-linux-x86_64-fedora-clang 1.2.0 66.36 NOTE
r-devel-linux-x86_64-fedora-gcc 1.2.0 59.06 NOTE
r-devel-windows-ix86+x86_64 1.1.0 10.00 60.00 70.00 OK
r-patched-linux-x86_64 1.1.0 4.46 40.91 45.37 OK
r-patched-solaris-x86 1.2.0 88.60 NOTE
r-release-linux-x86_64 1.1.0 4.72 40.63 45.35 OK
r-release-macos-x86_64 1.1.0 OK
r-release-windows-ix86+x86_64 1.1.0 11.00 54.00 65.00 OK
r-oldrel-macos-x86_64 1.2.0 NOTE
r-oldrel-windows-ix86+x86_64 1.1.0 12.00 51.00 63.00 OK

Check Details

Version: 1.2.0
Check: data for non-ASCII characters
Result: NOTE
     Note: found 17 marked UTF-8 strings
Flavors: r-devel-linux-x86_64-fedora-clang, r-devel-linux-x86_64-fedora-gcc, r-patched-solaris-x86, r-oldrel-macos-x86_64