CRAN Package Check Results for Package jsmodule

Last updated on 2020-11-28 06:49:26 CET.

Flavor Version Tinstall Tcheck Ttotal Status Flags
r-devel-linux-x86_64-debian-clang 1.1.3 23.08 210.82 233.90 OK
r-devel-linux-x86_64-debian-gcc 1.1.3 30.37 160.70 191.07 OK
r-devel-linux-x86_64-fedora-clang 1.1.3 305.78 NOTE
r-devel-linux-x86_64-fedora-gcc 1.1.3 232.01 NOTE
r-devel-windows-ix86+x86_64 1.1.3 62.00 248.00 310.00 OK
r-patched-linux-x86_64 1.1.3 21.98 196.15 218.13 OK
r-patched-solaris-x86 1.1.3 367.30 NOTE
r-release-linux-x86_64 1.1.3 21.98 197.04 219.02 OK
r-release-macos-x86_64 1.1.3 NOTE
r-release-windows-ix86+x86_64 1.1.3 45.00 183.00 228.00 OK
r-oldrel-macos-x86_64 1.1.3 NOTE
r-oldrel-windows-ix86+x86_64 1.1.3 45.00 203.00 248.00 OK

Check Details

Version: 1.1.3
Check: package dependencies
Result: NOTE
    Imports includes 31 non-default packages.
    Importing from so many packages makes the package vulnerable to any of
    them becoming unavailable. Move as many as possible to Suggests and
    use conditionally.
Flavor: r-devel-linux-x86_64-fedora-clang

Version: 1.1.3
Check: dependencies in R code
Result: NOTE
    Namespaces in Imports field not imported from:
     ‘Cairo’ ‘survC1’
     All declared Imports should be used.
Flavors: r-devel-linux-x86_64-fedora-clang, r-devel-linux-x86_64-fedora-gcc, r-patched-solaris-x86, r-release-macos-x86_64, r-oldrel-macos-x86_64