Last updated on 2023-03-24 05:52:16 CET.
Flavor | Version | Tinstall | Tcheck | Ttotal | Status | Flags |
---|---|---|---|---|---|---|
r-devel-linux-x86_64-debian-clang | 2.0.3 | 65.46 | 140.46 | 205.92 | NOTE | |
r-devel-linux-x86_64-debian-gcc | 2.0.3 | 51.85 | 126.08 | 177.93 | NOTE | |
r-devel-linux-x86_64-fedora-clang | 2.0.3 | 296.36 | NOTE | |||
r-devel-linux-x86_64-fedora-gcc | 2.0.3 | 290.95 | NOTE | |||
r-patched-linux-x86_64 | 2.0.3 | 57.48 | 159.44 | 216.92 | OK | |
r-release-linux-x86_64 | 2.0.3 | 50.30 | 158.65 | 208.95 | OK | |
r-release-macos-arm64 | 2.0.3 | 83.00 | OK | |||
r-release-macos-x86_64 | 2.0.3 | 118.00 | OK | |||
r-release-windows-x86_64 | 2.0.3 | 75.00 | 215.00 | 290.00 | OK | |
r-oldrel-macos-arm64 | 2.0.3 | 96.00 | OK | |||
r-oldrel-macos-x86_64 | 2.0.3 | 98.00 | OK | |||
r-oldrel-windows-ix86+x86_64 | 2.0.3 | 167.00 | 247.00 | 414.00 | OK |
Version: 2.0.3
Check: C++ specification
Result: NOTE
Specified C++14: please drop specification unless essential
Flavors: r-devel-linux-x86_64-debian-clang, r-devel-linux-x86_64-debian-gcc, r-devel-linux-x86_64-fedora-clang, r-devel-linux-x86_64-fedora-gcc