Last updated on 2023-04-01 07:10:41 CEST.
Flavor | Version | Tinstall | Tcheck | Ttotal | Status | Flags |
---|---|---|---|---|---|---|
r-devel-linux-x86_64-debian-clang | 0.2.6 | 5.51 | 98.77 | 104.28 | OK | |
r-devel-linux-x86_64-debian-gcc | 0.2.6 | 4.63 | 75.31 | 79.94 | OK | |
r-devel-linux-x86_64-fedora-clang | 0.2.6 | 130.23 | NOTE | |||
r-devel-linux-x86_64-fedora-gcc | 0.2.6 | 148.13 | OK | |||
r-devel-windows-x86_64 | 0.2.6 | 59.00 | 0.00 | 59.00 | OK | |
r-patched-linux-x86_64 | 0.2.6 | 6.66 | 95.04 | 101.70 | OK | |
r-release-linux-x86_64 | 0.2.6 | 3.85 | 95.96 | 99.81 | OK | |
r-release-macos-arm64 | 0.2.6 | 37.00 | OK | |||
r-release-macos-x86_64 | 0.2.6 | 54.00 | OK | |||
r-release-windows-x86_64 | 0.2.6 | 21.00 | 144.00 | 165.00 | OK | |
r-oldrel-macos-arm64 | 0.2.6 | 43.00 | OK | |||
r-oldrel-macos-x86_64 | 0.2.6 | 60.00 | OK | |||
r-oldrel-windows-ix86+x86_64 | 0.2.6 | 13.00 | 158.00 | 171.00 | NOTE |
Version: 0.2.6
Check: Rd cross-references
Result: NOTE
Undeclared package ‘ggplot2’ in Rd xrefs
Flavor: r-devel-linux-x86_64-fedora-clang
Version: 0.2.6
Check: dependencies in R code
Result: NOTE
Initiating curl with CURL_SSL_BACKEND: openssl
Flavor: r-oldrel-windows-ix86+x86_64