Last updated on 2022-05-28 07:05:55 CEST.
Flavor | Version | Tinstall | Tcheck | Ttotal | Status | Flags |
---|---|---|---|---|---|---|
r-devel-linux-x86_64-debian-clang | 1.0.1 | 11.40 | 138.88 | 150.28 | OK | |
r-devel-linux-x86_64-debian-gcc | 1.0.1 | 8.85 | 102.51 | 111.36 | OK | |
r-devel-linux-x86_64-fedora-clang | 1.0.1 | 174.99 | NOTE | |||
r-devel-linux-x86_64-fedora-gcc | 1.0.1 | 169.99 | NOTE | |||
r-devel-windows-x86_64 | 1.0.1 | 45.00 | 166.00 | 211.00 | OK | |
r-patched-linux-x86_64 | 1.0.1 | 12.24 | 130.05 | 142.29 | OK | |
r-release-linux-x86_64 | 1.0.1 | 7.04 | 130.41 | 137.45 | OK | |
r-release-macos-arm64 | 1.0.1 | 47.00 | NOTE | |||
r-release-macos-x86_64 | 1.0.1 | 78.00 | NOTE | |||
r-release-windows-x86_64 | 1.0.1 | 47.00 | 157.00 | 204.00 | OK | |
r-oldrel-macos-arm64 | 1.0.1 | 39.00 | NOTE | |||
r-oldrel-macos-x86_64 | 1.0.1 | 61.00 | NOTE | |||
r-oldrel-windows-ix86+x86_64 | 1.0.1 | 26.00 | 146.00 | 172.00 | OK |
Version: 1.0.1
Check: dependencies in R code
Result: NOTE
Namespace in Imports field not imported from: ‘Hmisc’
All declared Imports should be used.
Flavors: r-devel-linux-x86_64-fedora-clang, r-devel-linux-x86_64-fedora-gcc, r-release-macos-arm64, r-release-macos-x86_64, r-oldrel-macos-arm64, r-oldrel-macos-x86_64