Last updated on 2022-07-02 07:07:02 CEST.
Flavor | Version | Tinstall | Tcheck | Ttotal | Status | Flags |
---|---|---|---|---|---|---|
r-devel-linux-x86_64-debian-clang | 3.0.0 | 13.72 | 144.55 | 158.27 | NOTE | |
r-devel-linux-x86_64-debian-gcc | 3.0.0 | 12.56 | 108.14 | 120.70 | NOTE | |
r-devel-linux-x86_64-fedora-clang | 3.0.0 | 194.23 | NOTE | |||
r-devel-linux-x86_64-fedora-gcc | 3.0.0 | 196.67 | NOTE | |||
r-devel-windows-x86_64 | 3.0.0 | 22.00 | 160.00 | 182.00 | NOTE | |
r-patched-linux-x86_64 | 3.0.0 | 14.77 | 136.97 | 151.74 | NOTE | |
r-release-linux-x86_64 | 3.0.0 | 13.14 | 135.78 | 148.92 | NOTE | |
r-release-macos-arm64 | 3.0.0 | 53.00 | NOTE | |||
r-release-macos-x86_64 | 3.0.0 | 76.00 | NOTE | |||
r-release-windows-x86_64 | 3.0.0 | 26.00 | 158.00 | 184.00 | NOTE | |
r-oldrel-macos-arm64 | 3.0.0 | 62.00 | NOTE | |||
r-oldrel-macos-x86_64 | 3.0.0 | 106.00 | NOTE | |||
r-oldrel-windows-ix86+x86_64 | 3.0.0 | 28.00 | 151.00 | 179.00 | NOTE |
Version: 3.0.0
Check: LazyData
Result: NOTE
'LazyData' is specified without a 'data' directory
Flavors: r-devel-linux-x86_64-debian-clang, r-devel-linux-x86_64-debian-gcc, r-devel-linux-x86_64-fedora-clang, r-devel-linux-x86_64-fedora-gcc, r-devel-windows-x86_64, r-patched-linux-x86_64, r-release-linux-x86_64, r-release-macos-arm64, r-release-macos-x86_64, r-release-windows-x86_64, r-oldrel-macos-arm64, r-oldrel-macos-x86_64, r-oldrel-windows-ix86+x86_64