Last updated on 2022-06-29 06:53:29 CEST.
Flavor | Version | Tinstall | Tcheck | Ttotal | Status | Flags |
---|---|---|---|---|---|---|
r-devel-linux-x86_64-debian-clang | 1.0 | 2.13 | 34.73 | 36.86 | NOTE | |
r-devel-linux-x86_64-debian-gcc | 1.0 | 2.75 | 27.10 | 29.85 | NOTE | |
r-devel-linux-x86_64-fedora-clang | 1.0 | 56.99 | NOTE | |||
r-devel-linux-x86_64-fedora-gcc | 1.0 | 56.18 | NOTE | |||
r-devel-windows-x86_64 | 1.0 | 10.00 | 60.00 | 70.00 | OK | |
r-patched-linux-x86_64 | 1.0 | 2.35 | 34.65 | 37.00 | NOTE | |
r-release-linux-x86_64 | 1.0 | 3.47 | 34.40 | 37.87 | NOTE | |
r-release-macos-arm64 | 1.0 | 21.00 | OK | |||
r-release-macos-x86_64 | 1.0 | 27.00 | OK | |||
r-release-windows-x86_64 | 1.0 | 9.00 | 59.00 | 68.00 | OK | |
r-oldrel-macos-arm64 | 1.0 | 27.00 | OK | |||
r-oldrel-macos-x86_64 | 1.0 | 38.00 | OK | |||
r-oldrel-windows-ix86+x86_64 | 1.0 | 8.00 | 51.00 | 59.00 | OK |
Version: 1.0
Check: for non-standard things in the check directory
Result: NOTE
Found the following files/directories:
'song.wav' 'song4karaoke.wav'
Flavors: r-devel-linux-x86_64-debian-clang, r-devel-linux-x86_64-debian-gcc, r-devel-linux-x86_64-fedora-clang, r-devel-linux-x86_64-fedora-gcc, r-patched-linux-x86_64, r-release-linux-x86_64