CRAN Package Check Results for Package kernelPhil

Last updated on 2022-01-23 07:14:03 CET.

Flavor Version Tinstall Tcheck Ttotal Status Flags
r-devel-linux-x86_64-debian-clang 0.1 5.81 72.11 77.92 NOTE
r-devel-linux-x86_64-debian-gcc 0.1 4.82 58.87 63.69 NOTE
r-devel-linux-x86_64-fedora-clang 0.1 95.07 NOTE
r-devel-linux-x86_64-fedora-gcc 0.1 81.27 NOTE
r-devel-windows-x86_64-new-UL 0.1 36.00 101.00 137.00 NOTE
r-devel-windows-x86_64-new-TK 0.1 NOTE
r-patched-linux-x86_64 0.1 6.13 68.48 74.61 NOTE
r-release-linux-x86_64 0.1 4.70 67.13 71.83 NOTE
r-release-macos-arm64 0.1 NOTE
r-release-macos-x86_64 0.1 NOTE
r-release-windows-ix86+x86_64 0.1 22.00 84.00 106.00 NOTE
r-oldrel-macos-x86_64 0.1 OK
r-oldrel-windows-ix86+x86_64 0.1 15.00 87.00 102.00 OK

Check Details

Version: 0.1
Check: LazyData
Result: NOTE
     'LazyData' is specified without a 'data' directory
Flavors: r-devel-linux-x86_64-debian-clang, r-devel-linux-x86_64-debian-gcc, r-devel-linux-x86_64-fedora-clang, r-devel-linux-x86_64-fedora-gcc, r-devel-windows-x86_64-new-UL, r-devel-windows-x86_64-new-TK, r-patched-linux-x86_64, r-release-linux-x86_64, r-release-macos-arm64, r-release-macos-x86_64, r-release-windows-ix86+x86_64