CRAN Package Check Results for Package kernscr

Last updated on 2022-07-02 07:07:02 CEST.

Flavor Version Tinstall Tcheck Ttotal Status Flags
r-devel-linux-x86_64-debian-clang 1.0.5 2.69 28.44 31.13 OK
r-devel-linux-x86_64-debian-gcc 1.0.5 2.51 22.24 24.75 OK
r-devel-linux-x86_64-fedora-clang 1.0.5 48.94 OK
r-devel-linux-x86_64-fedora-gcc 1.0.5 48.12 OK
r-devel-windows-x86_64 1.0.5 12.00 55.00 67.00 OK
r-patched-linux-x86_64 1.0.5 3.55 27.44 30.99 OK
r-release-linux-x86_64 1.0.5 3.17 27.92 31.09 OK
r-release-macos-arm64 1.0.5 20.00 NOTE
r-release-macos-x86_64 1.0.5 23.00 OK
r-release-windows-x86_64 1.0.5 7.00 62.00 69.00 OK
r-oldrel-macos-arm64 1.0.5 20.00 NOTE
r-oldrel-macos-x86_64 1.0.5 29.00 NOTE
r-oldrel-windows-ix86+x86_64 1.0.5 7.00 47.00 54.00 OK

Check Details

Version: 1.0.5
Check: package dependencies
Result: NOTE
    Package suggested but not available for checking: ‘org.Hs.eg.db’
Flavors: r-release-macos-arm64, r-oldrel-macos-arm64, r-oldrel-macos-x86_64