Last updated on 2023-03-30 06:53:18 CEST.
Flavor | Version | Tinstall | Tcheck | Ttotal | Status | Flags |
---|---|---|---|---|---|---|
r-devel-linux-x86_64-debian-clang | 0.2.1 | 2.95 | 26.76 | 29.71 | NOTE | |
r-devel-linux-x86_64-debian-gcc | 0.2.1 | 2.00 | 21.06 | 23.06 | NOTE | |
r-devel-linux-x86_64-fedora-clang | 0.2.1 | 38.41 | NOTE | |||
r-devel-linux-x86_64-fedora-gcc | 0.2.1 | 35.71 | NOTE | |||
r-devel-windows-x86_64 | 0.2.1 | 36.00 | 0.00 | 36.00 | NOTE | |
r-patched-linux-x86_64 | 0.2.1 | 2.74 | 26.26 | 29.00 | NOTE | |
r-release-linux-x86_64 | 0.2.1 | 2.94 | 27.42 | 30.36 | OK | |
r-release-macos-arm64 | 0.2.1 | 18.00 | OK | |||
r-release-macos-x86_64 | 0.2.1 | 22.00 | OK | |||
r-release-windows-x86_64 | 0.2.1 | 37.00 | 56.00 | 93.00 | OK | |
r-oldrel-macos-arm64 | 0.2.1 | 22.00 | OK | |||
r-oldrel-macos-x86_64 | 0.2.1 | 30.00 | OK | |||
r-oldrel-windows-ix86+x86_64 | 0.2.1 | 6.00 | 57.00 | 63.00 | OK |
Version: 0.2.1
Check: package subdirectories
Result: NOTE
Problems with news in ‘NEWS.md’:
Cannot extract version info from the following section titles:
Minor Changes
Flavors: r-devel-linux-x86_64-debian-clang, r-devel-linux-x86_64-debian-gcc, r-devel-linux-x86_64-fedora-clang, r-devel-linux-x86_64-fedora-gcc, r-devel-windows-x86_64, r-patched-linux-x86_64