CRAN Package Check Results for Package kfigr

Last updated on 2024-06-13 06:58:06 CEST.

Flavor Version Tinstall Tcheck Ttotal Status Flags
r-devel-linux-x86_64-debian-clang 1.2.1 2.38 33.36 35.74 OK
r-devel-linux-x86_64-debian-gcc 1.2.1 1.71 21.78 23.49 ERROR
r-devel-linux-x86_64-fedora-clang 1.2.1 46.84 OK
r-devel-linux-x86_64-fedora-gcc 1.2.1 56.38 OK
r-devel-windows-x86_64 1.2.1 3.00 47.00 50.00 OK
r-patched-linux-x86_64 1.2.1 2.51 31.76 34.27 OK
r-release-linux-x86_64 1.2.1 1.44 32.78 34.22 OK
r-release-macos-arm64 1.2.1 25.00 OK
r-release-macos-x86_64 1.2.1 35.00 OK
r-release-windows-x86_64 1.2.1 3.00 47.00 50.00 OK
r-oldrel-macos-arm64 1.2.1 25.00 OK
r-oldrel-macos-x86_64 1.2.1 38.00 OK
r-oldrel-windows-x86_64 1.2.1 3.00 49.00 52.00 OK

Check Details

Version: 1.2.1
Check: package dependencies
Result: NOTE Package suggested but not available for checking: ‘ggplot2’ Flavor: r-devel-linux-x86_64-debian-gcc

Version: 1.2.1
Check: re-building of vignette outputs
Result: ERROR Error(s) in re-building vignettes: ... --- re-building ‘introduction.Rmd’ using knitr Quitting from lines 26-28 [first-chunk] (introduction.Rmd) Error: processing vignette 'introduction.Rmd' failed with diagnostics: could not find function "qplot" --- failed re-building ‘introduction.Rmd’ SUMMARY: processing the following file failed: ‘introduction.Rmd’ Error: Vignette re-building failed. Execution halted Flavor: r-devel-linux-x86_64-debian-gcc