CRAN Package Check Results for Package kiwisR

Last updated on 2022-09-27 07:50:45 CEST.

Flavor Version Tinstall Tcheck Ttotal Status Flags
r-devel-linux-x86_64-debian-clang 0.2.0 2.49 32.56 35.05 NOTE
r-devel-linux-x86_64-debian-gcc 0.2.0 1.78 25.00 26.78 NOTE
r-devel-linux-x86_64-fedora-clang 0.2.0 48.44 NOTE
r-devel-linux-x86_64-fedora-gcc 0.2.0 44.90 NOTE
r-devel-windows-x86_64 0.2.0 8.00 127.00 135.00 NOTE
r-patched-linux-x86_64 0.2.0 2.20 31.77 33.97 NOTE
r-release-linux-x86_64 0.2.0 2.36 31.38 33.74 NOTE
r-release-macos-arm64 0.2.0 120.00 NOTE
r-release-macos-x86_64 0.2.0 140.00 NOTE
r-release-windows-x86_64 0.2.0 8.00 141.00 149.00 NOTE
r-oldrel-macos-arm64 0.2.0 120.00 NOTE
r-oldrel-macos-x86_64 0.2.0 1803.00 NOTE
r-oldrel-windows-ix86+x86_64 0.2.0 7.00 140.00 147.00 NOTE

Check Details

Version: 0.2.0
Check: LazyData
Result: NOTE
     'LazyData' is specified without a 'data' directory
Flavors: r-devel-linux-x86_64-debian-clang, r-devel-linux-x86_64-debian-gcc, r-devel-linux-x86_64-fedora-clang, r-devel-linux-x86_64-fedora-gcc, r-devel-windows-x86_64, r-patched-linux-x86_64, r-release-linux-x86_64, r-release-macos-arm64, r-release-macos-x86_64, r-release-windows-x86_64, r-oldrel-macos-arm64, r-oldrel-macos-x86_64, r-oldrel-windows-ix86+x86_64