CRAN Package Check Results for Package kknn

Last updated on 2024-04-17 07:02:29 CEST.

Flavor Version Tinstall Tcheck Ttotal Status Flags
r-devel-linux-x86_64-debian-clang 1.3.1 10.60 78.57 89.17 OK
r-devel-linux-x86_64-debian-gcc 1.3.1 7.33 62.73 70.06 OK
r-devel-linux-x86_64-fedora-clang 1.3.1 116.05 NOTE
r-devel-linux-x86_64-fedora-gcc 1.3.1 111.28 NOTE
r-prerel-macos-arm64 1.3.1 33.00 OK
r-prerel-windows-x86_64 1.3.1 10.00 78.00 88.00 OK
r-patched-linux-x86_64 1.3.1 13.80 80.11 93.91 OK
r-release-linux-x86_64 1.3.1 9.16 84.45 93.61 OK
r-release-macos-arm64 1.3.1 35.00 OK
r-release-macos-x86_64 1.3.1 63.00 OK
r-release-windows-x86_64 1.3.1 14.00 93.00 107.00 OK
r-oldrel-macos-arm64 1.3.1 35.00 OK
r-oldrel-windows-x86_64 1.3.1 14.00 98.00 112.00 OK

Check Details

Version: 1.3.1
Check: compiled code
Result: NOTE File ‘kknn/libs/kknn.so’: Found no calls to: ‘R_registerRoutines’, ‘R_useDynamicSymbols’ It is good practice to register native routines and to disable symbol search. See ‘Writing portable packages’ in the ‘Writing R Extensions’ manual. Flavors: r-devel-linux-x86_64-fedora-clang, r-devel-linux-x86_64-fedora-gcc