CRAN Package Check Results for Package kmconfband

Last updated on 2020-08-05 06:47:26 CEST.

Flavor Version Tinstall Tcheck Ttotal Status Flags
r-devel-linux-x86_64-debian-clang 0.1 7.65 59.34 66.99 NOTE
r-devel-linux-x86_64-debian-gcc 0.1 6.56 44.34 50.90 NOTE
r-devel-linux-x86_64-fedora-clang 0.1 85.62 NOTE
r-devel-linux-x86_64-fedora-gcc 0.1 77.26 NOTE
r-devel-windows-ix86+x86_64 0.1 18.00 68.00 86.00 NOTE
r-patched-linux-x86_64 0.1 8.16 57.00 65.16 NOTE
r-patched-solaris-x86 0.1 118.60 NOTE
r-release-linux-x86_64 0.1 7.01 57.34 64.35 NOTE
r-release-macos-x86_64 0.1 NOTE
r-release-windows-ix86+x86_64 0.1 17.00 89.00 106.00 NOTE
r-oldrel-macos-x86_64 0.1 NOTE
r-oldrel-windows-ix86+x86_64 0.1 13.00 84.00 97.00 NOTE

Check Details

Version: 0.1
Check: DESCRIPTION meta-information
Result: NOTE
    Malformed Description field: should contain one or more complete sentences.
Flavors: r-devel-linux-x86_64-debian-clang, r-devel-linux-x86_64-debian-gcc, r-devel-linux-x86_64-fedora-clang, r-devel-linux-x86_64-fedora-gcc, r-devel-windows-ix86+x86_64, r-patched-linux-x86_64, r-patched-solaris-x86, r-release-linux-x86_64, r-release-macos-x86_64, r-release-windows-ix86+x86_64, r-oldrel-macos-x86_64, r-oldrel-windows-ix86+x86_64

Version: 0.1
Check: R code for possible problems
Result: NOTE
    noe.compute.pv: no visible global function definition for 'punif'
    Undefined global functions or variables:
     punif
    Consider adding
     importFrom("stats", "punif")
    to your NAMESPACE file.
Flavors: r-devel-linux-x86_64-debian-clang, r-devel-linux-x86_64-debian-gcc, r-devel-linux-x86_64-fedora-clang, r-devel-linux-x86_64-fedora-gcc, r-devel-windows-ix86+x86_64, r-patched-linux-x86_64, r-patched-solaris-x86, r-release-linux-x86_64, r-release-macos-x86_64, r-release-windows-ix86+x86_64, r-oldrel-macos-x86_64, r-oldrel-windows-ix86+x86_64