CRAN Package Check Results for Package kmodR

Last updated on 2022-01-17 06:53:19 CET.

Flavor Version Tinstall Tcheck Ttotal Status Flags
r-devel-linux-x86_64-debian-clang 0.1.0 1.64 29.42 31.06 NOTE
r-devel-linux-x86_64-debian-gcc 0.1.0 1.57 23.56 25.13 NOTE
r-devel-linux-x86_64-fedora-clang 0.1.0 39.75 NOTE
r-devel-linux-x86_64-fedora-gcc 0.1.0 29.62 NOTE
r-devel-windows-x86_64-new-UL 0.1.0 14.00 48.00 62.00 NOTE
r-devel-windows-x86_64-new-TK 0.1.0 NOTE
r-patched-linux-x86_64 0.1.0 2.07 29.25 31.32 NOTE
r-release-linux-x86_64 0.1.0 NOTE
r-release-macos-arm64 0.1.0 NOTE
r-release-macos-x86_64 0.1.0 NOTE
r-release-windows-ix86+x86_64 0.1.0 4.00 40.00 44.00 NOTE
r-oldrel-macos-x86_64 0.1.0 NOTE
r-oldrel-windows-ix86+x86_64 0.1.0 4.00 39.00 43.00 NOTE

Check Details

Version: 0.1.0
Check: R code for possible problems
Result: NOTE
    C_zero : <anonymous>: no visible global function definition for 'runif'
    get_extra_centroid_index: no visible global function definition for
     'head'
    get_within_cluster_ss: no visible global function definition for
     'aggregate'
    kmod: no visible global function definition for 'head'
    kmod: no visible global function definition for 'tail'
    Undefined global functions or variables:
     aggregate head runif tail
    Consider adding
     importFrom("stats", "aggregate", "runif")
     importFrom("utils", "head", "tail")
    to your NAMESPACE file.
Flavors: r-devel-linux-x86_64-debian-clang, r-devel-linux-x86_64-debian-gcc, r-devel-linux-x86_64-fedora-clang, r-devel-linux-x86_64-fedora-gcc, r-devel-windows-x86_64-new-UL, r-devel-windows-x86_64-new-TK, r-patched-linux-x86_64, r-release-linux-x86_64, r-release-macos-arm64, r-release-macos-x86_64, r-release-windows-ix86+x86_64, r-oldrel-macos-x86_64, r-oldrel-windows-ix86+x86_64

Version: 0.1.0
Check: LazyData
Result: NOTE
     'LazyData' is specified without a 'data' directory
Flavors: r-devel-linux-x86_64-debian-clang, r-devel-linux-x86_64-debian-gcc, r-devel-linux-x86_64-fedora-clang, r-devel-linux-x86_64-fedora-gcc, r-devel-windows-x86_64-new-UL, r-devel-windows-x86_64-new-TK, r-patched-linux-x86_64, r-release-linux-x86_64, r-release-macos-arm64, r-release-macos-x86_64, r-release-windows-ix86+x86_64