CRAN Package Check Results for Package knitrProgressBar

Last updated on 2023-03-21 15:52:20 CET.

Flavor Version Tinstall Tcheck Ttotal Status Flags
r-devel-linux-x86_64-debian-clang 1.1.0 5.30 31.65 36.95 NOTE
r-devel-linux-x86_64-debian-gcc 1.1.0 3.62 24.68 28.30 NOTE
r-devel-linux-x86_64-fedora-clang 1.1.0 48.44 NOTE
r-devel-linux-x86_64-fedora-gcc 1.1.0 54.81 NOTE
r-patched-linux-x86_64 1.1.0 4.30 31.60 35.90 NOTE
r-release-linux-x86_64 1.1.0 4.89 32.24 37.13 NOTE
r-release-macos-arm64 1.1.0 25.00 NOTE
r-release-macos-x86_64 1.1.0 34.00 NOTE
r-release-windows-x86_64 1.1.0 36.00 77.00 113.00 NOTE
r-oldrel-macos-arm64 1.1.0 30.00 NOTE
r-oldrel-macos-x86_64 1.1.0 38.00 NOTE
r-oldrel-windows-ix86+x86_64 1.1.0 10.00 63.00 73.00 NOTE

Check Details

Version: 1.1.0
Check: LazyData
Result: NOTE
     'LazyData' is specified without a 'data' directory
Flavors: r-devel-linux-x86_64-debian-clang, r-devel-linux-x86_64-debian-gcc, r-devel-linux-x86_64-fedora-clang, r-devel-linux-x86_64-fedora-gcc, r-patched-linux-x86_64, r-release-linux-x86_64, r-release-macos-arm64, r-release-macos-x86_64, r-release-windows-x86_64, r-oldrel-macos-arm64, r-oldrel-macos-x86_64, r-oldrel-windows-ix86+x86_64

Version: 1.1.0
Check: for non-standard things in the check directory
Result: NOTE
    Found the following files/directories:
     ‘Killed after ’
Flavors: r-devel-linux-x86_64-debian-clang, r-devel-linux-x86_64-debian-gcc, r-devel-linux-x86_64-fedora-clang, r-devel-linux-x86_64-fedora-gcc, r-patched-linux-x86_64, r-release-linux-x86_64