CRAN Package Check Results for Package knnIndep

Last updated on 2020-08-05 06:47:26 CEST.

Flavor Version Tinstall Tcheck Ttotal Status Flags
r-devel-linux-x86_64-debian-clang 2.0 2.85 40.41 43.26 NOTE
r-devel-linux-x86_64-debian-gcc 2.0 2.56 28.51 31.07 NOTE
r-devel-linux-x86_64-fedora-clang 2.0 57.96 NOTE
r-devel-linux-x86_64-fedora-gcc 2.0 48.89 NOTE
r-devel-windows-ix86+x86_64 2.0 9.00 50.00 59.00 NOTE
r-patched-linux-x86_64 2.0 3.07 38.46 41.53 NOTE
r-patched-solaris-x86 2.0 69.00 NOTE
r-release-linux-x86_64 2.0 3.15 38.91 42.06 NOTE
r-release-macos-x86_64 2.0 NOTE
r-release-windows-ix86+x86_64 2.0 6.00 55.00 61.00 NOTE
r-oldrel-macos-x86_64 2.0 NOTE
r-oldrel-windows-ix86+x86_64 2.0 5.00 67.00 72.00 NOTE

Check Details

Version: 2.0
Check: R code for possible problems
Result: NOTE
    benchmark.patchwork.copula : <anonymous> : <anonymous>: no visible
     global function definition for 'rbeta'
    benchmark.patchwork.copula : <anonymous> : <anonymous>: no visible
     global function definition for 'runif'
    calculate.power : <anonymous>: no visible binding for global variable
     'quantile'
    generate.benchmark.data: no visible global function definition for
     'runif'
    generate.benchmark.data: no visible global function definition for
     'rnorm'
    generate.benchmark.data: no visible global function definition for
     'rbinom'
    generate.patchwork.copula: no visible global function definition for
     'rbeta'
    generate.patchwork.copula: no visible global function definition for
     'runif'
    novelTest.chisq: no visible global function definition for 'pchisq'
    novelTest.chisq4nn: no visible global function definition for 'pchisq'
    optimise.copula.mi : <anonymous>: no visible global function definition
     for 'optimize'
    power.plot: no visible global function definition for 'axis'
    power.plot : <anonymous>: no visible global function definition for
     'points'
    power.plot: no visible global function definition for 'legend'
    roc.plot: no visible global function definition for 'colorRampPalette'
    roc.plot : <anonymous> : <anonymous>: no visible global function
     definition for 'points'
    run.tests : <anonymous> : <anonymous>: no visible global function
     definition for 'runif'
    Undefined global functions or variables:
     axis colorRampPalette legend optimize pchisq points quantile rbeta
     rbinom rnorm runif
    Consider adding
     importFrom("grDevices", "colorRampPalette")
     importFrom("graphics", "axis", "legend", "points")
     importFrom("stats", "optimize", "pchisq", "quantile", "rbeta",
     "rbinom", "rnorm", "runif")
    to your NAMESPACE file.
Flavors: r-devel-linux-x86_64-debian-clang, r-devel-linux-x86_64-debian-gcc, r-devel-linux-x86_64-fedora-clang, r-devel-linux-x86_64-fedora-gcc, r-devel-windows-ix86+x86_64, r-patched-linux-x86_64, r-patched-solaris-x86, r-release-linux-x86_64, r-release-macos-x86_64, r-release-windows-ix86+x86_64

Version: 2.0
Check: R code for possible problems
Result: NOTE
    benchmark.patchwork.copula : <anonymous> : <anonymous>: no visible
     global function definition for ‘rbeta’
    benchmark.patchwork.copula : <anonymous> : <anonymous>: no visible
     global function definition for ‘runif’
    calculate.power : <anonymous>: no visible binding for global variable
     ‘quantile’
    generate.benchmark.data: no visible global function definition for
     ‘runif’
    generate.benchmark.data: no visible global function definition for
     ‘rnorm’
    generate.benchmark.data: no visible global function definition for
     ‘rbinom’
    generate.patchwork.copula: no visible global function definition for
     ‘rbeta’
    generate.patchwork.copula: no visible global function definition for
     ‘runif’
    novelTest.chisq: no visible global function definition for ‘pchisq’
    novelTest.chisq4nn: no visible global function definition for ‘pchisq’
    optimise.copula.mi : <anonymous>: no visible global function definition
     for ‘optimize’
    power.plot: no visible global function definition for ‘plot’
    power.plot: no visible global function definition for ‘axis’
    power.plot : <anonymous>: no visible global function definition for
     ‘points’
    power.plot: no visible global function definition for ‘legend’
    roc.plot: no visible global function definition for ‘colorRampPalette’
    roc.plot : <anonymous>: no visible global function definition for
     ‘plot’
    roc.plot : <anonymous> : <anonymous>: no visible global function
     definition for ‘points’
    run.tests : <anonymous> : <anonymous>: no visible global function
     definition for ‘runif’
    Undefined global functions or variables:
     axis colorRampPalette legend optimize pchisq plot points quantile
     rbeta rbinom rnorm runif
    Consider adding
     importFrom("grDevices", "colorRampPalette")
     importFrom("graphics", "axis", "legend", "plot", "points")
     importFrom("stats", "optimize", "pchisq", "quantile", "rbeta",
     "rbinom", "rnorm", "runif")
    to your NAMESPACE file.
Flavors: r-oldrel-macos-x86_64, r-oldrel-windows-ix86+x86_64