CRAN Package Check Results for Package knor

Last updated on 2021-06-21 06:49:12 CEST.

Flavor Version Tinstall Tcheck Ttotal Status Flags
r-devel-linux-x86_64-debian-clang 0.0-7 49.50 32.45 81.95 NOTE
r-devel-linux-x86_64-debian-gcc 0.0-7 31.12 24.46 55.58 NOTE
r-devel-linux-x86_64-fedora-clang 0.0-7 128.57 NOTE
r-devel-linux-x86_64-fedora-gcc 0.0-7 96.53 NOTE
r-devel-windows-x86_64 0.0-7 55.00 47.00 102.00 NOTE
r-devel-windows-x86_64-gcc10-UCRT 0.0-7 NOTE
r-patched-linux-x86_64 0.0-7 39.69 30.41 70.10 NOTE
r-patched-solaris-x86 0.0-7 93.50 NOTE
r-release-linux-x86_64 0.0-7 37.23 30.42 67.65 NOTE
r-release-macos-arm64 0.0-7 NOTE
r-release-macos-x86_64 0.0-7 NOTE
r-release-windows-ix86+x86_64 0.0-7 106.00 70.00 176.00 NOTE
r-oldrel-macos-x86_64 0.0-7 NOTE

Additional issues

gcc11

Check Details

Version: 0.0-7
Check: for GNU extensions in Makefiles
Result: NOTE
    GNU make is a SystemRequirements.
Flavors: r-devel-linux-x86_64-debian-clang, r-devel-linux-x86_64-debian-gcc, r-devel-linux-x86_64-fedora-clang, r-devel-linux-x86_64-fedora-gcc, r-devel-windows-x86_64, r-devel-windows-x86_64-gcc10-UCRT, r-patched-linux-x86_64, r-patched-solaris-x86, r-release-linux-x86_64, r-release-macos-arm64, r-release-macos-x86_64, r-release-windows-ix86+x86_64, r-oldrel-macos-x86_64