CRAN Package Check Results for Package kofdata

Last updated on 2022-01-17 06:53:20 CET.

Flavor Version Tinstall Tcheck Ttotal Status Flags
r-devel-linux-x86_64-debian-clang 0.1.5 2.07 39.70 41.77 NOTE
r-devel-linux-x86_64-debian-gcc 0.1.5 2.04 30.64 32.68 NOTE
r-devel-linux-x86_64-fedora-clang 0.1.5 51.76 NOTE
r-devel-linux-x86_64-fedora-gcc 0.1.5 40.89 NOTE
r-devel-windows-x86_64-new-UL 0.1.5 32.00 62.00 94.00 NOTE
r-devel-windows-x86_64-new-TK 0.1.5 NOTE
r-patched-linux-x86_64 0.1.5 2.82 38.38 41.20 NOTE
r-release-linux-x86_64 0.1.5 NOTE
r-release-macos-arm64 0.1.5 NOTE
r-release-macos-x86_64 0.1.5 NOTE
r-release-windows-ix86+x86_64 0.1.5 7.00 52.00 59.00 NOTE
r-oldrel-macos-x86_64 0.1.5 OK
r-oldrel-windows-ix86+x86_64 0.1.5 7.00 51.00 58.00 OK

Check Details

Version: 0.1.5
Check: LazyData
Result: NOTE
     'LazyData' is specified without a 'data' directory
Flavors: r-devel-linux-x86_64-debian-clang, r-devel-linux-x86_64-debian-gcc, r-devel-linux-x86_64-fedora-clang, r-devel-linux-x86_64-fedora-gcc, r-devel-windows-x86_64-new-UL, r-devel-windows-x86_64-new-TK, r-patched-linux-x86_64, r-release-linux-x86_64, r-release-macos-arm64, r-release-windows-ix86+x86_64

Version: 0.1.5
Check: LazyData
Result: NOTE
     'LazyData' is specified without a 'data' directory
    * checking examples ...* using check arguments '--no-clean-on-error '
Flavor: r-release-macos-x86_64