CRAN Package Check Results for Package kofnGA

Last updated on 2022-06-29 06:53:29 CEST.

Flavor Version Tinstall Tcheck Ttotal Status Flags
r-devel-linux-x86_64-debian-clang 1.3 3.61 35.05 38.66 NOTE
r-devel-linux-x86_64-debian-gcc 1.3 2.73 26.99 29.72 NOTE
r-devel-linux-x86_64-fedora-clang 1.3 56.75 NOTE
r-devel-linux-x86_64-fedora-gcc 1.3 55.77 NOTE
r-devel-windows-x86_64 1.3 10.00 58.00 68.00 NOTE
r-patched-linux-x86_64 1.3 3.34 33.80 37.14 NOTE
r-release-linux-x86_64 1.3 2.28 33.89 36.17 NOTE
r-release-macos-arm64 1.3 20.00 NOTE
r-release-macos-x86_64 1.3 26.00 NOTE
r-release-windows-x86_64 1.3 12.00 59.00 71.00 NOTE
r-oldrel-macos-arm64 1.3 25.00 NOTE
r-oldrel-macos-x86_64 1.3 33.00 NOTE
r-oldrel-windows-ix86+x86_64 1.3 8.00 54.00 62.00 NOTE

Check Details

Version: 1.3
Check: LazyData
Result: NOTE
     'LazyData' is specified without a 'data' directory
Flavors: r-devel-linux-x86_64-debian-clang, r-devel-linux-x86_64-debian-gcc, r-devel-linux-x86_64-fedora-clang, r-devel-linux-x86_64-fedora-gcc, r-devel-windows-x86_64, r-patched-linux-x86_64, r-release-linux-x86_64, r-release-macos-arm64, r-release-macos-x86_64, r-release-windows-x86_64, r-oldrel-macos-arm64, r-oldrel-macos-x86_64, r-oldrel-windows-ix86+x86_64