CRAN Package Check Results for Package konfound

Last updated on 2021-11-29 06:48:32 CET.

Flavor Version Tinstall Tcheck Ttotal Status Flags
r-devel-linux-x86_64-debian-clang 0.4.0 OK
r-devel-linux-x86_64-debian-gcc 0.4.0 6.28 61.80 68.08 OK
r-devel-linux-x86_64-fedora-clang 0.4.0 120.64 NOTE
r-devel-linux-x86_64-fedora-gcc 0.4.0 110.26 NOTE
r-devel-windows-x86_64-new-UL 0.4.0 16.00 123.00 139.00 OK
r-devel-windows-x86_64-new-TK 0.4.0 NOTE
r-devel-windows-x86_64-old 0.4.0 8.00 108.00 116.00 OK
r-patched-linux-x86_64 0.4.0 7.54 77.02 84.56 OK
r-patched-solaris-x86 0.4.0 127.20 NOTE
r-release-linux-x86_64 0.4.0 6.45 76.73 83.18 OK
r-release-macos-arm64 0.4.0 NOTE
r-release-macos-x86_64 0.4.0 NOTE
r-release-windows-ix86+x86_64 0.4.0 16.00 77.00 93.00 OK
r-oldrel-macos-x86_64 0.4.0 NOTE
r-oldrel-windows-ix86+x86_64 0.4.0 20.00 101.00 121.00 OK

Check Details

Version: 0.4.0
Check: dependencies in R code
Result: NOTE
    Namespaces in Imports field not imported from:
     ‘mice’ ‘tibble’
     All declared Imports should be used.
Flavors: r-devel-linux-x86_64-fedora-clang, r-devel-linux-x86_64-fedora-gcc, r-devel-windows-x86_64-new-TK, r-patched-solaris-x86, r-release-macos-arm64, r-release-macos-x86_64, r-oldrel-macos-x86_64