CRAN Package Check Results for Package kstIO

Last updated on 2022-10-01 07:08:00 CEST.

Flavor Version Tinstall Tcheck Ttotal Status Flags
r-devel-linux-x86_64-debian-clang 0.3-0 2.98 49.08 52.06 NOTE
r-devel-linux-x86_64-debian-gcc 0.3-0 3.70 38.44 42.14 NOTE
r-devel-linux-x86_64-fedora-clang 0.3-0 80.34 NOTE
r-devel-linux-x86_64-fedora-gcc 0.3-0 74.58 NOTE
r-devel-windows-x86_64 0.3-0 12.00 99.00 111.00 NOTE
r-patched-linux-x86_64 0.3-0 4.26 47.73 51.99 NOTE
r-release-linux-x86_64 0.3-0 3.10 47.64 50.74 NOTE
r-release-macos-arm64 0.3-0 24.00 OK
r-release-macos-x86_64 0.3-0 33.00 OK
r-release-windows-x86_64 0.3-0 12.00 96.00 108.00 OK
r-oldrel-macos-arm64 0.3-0 35.00 OK
r-oldrel-macos-x86_64 0.3-0 46.00 OK
r-oldrel-windows-ix86+x86_64 0.3-0 11.00 78.00 89.00 OK

Check Details

Version: 0.3-0
Check: Rd files
Result: NOTE
    checkRd: (-1) kstIO-package.Rd:39: Escaped LaTeX specials: \&
    checkRd: (-1) read_kbase.Rd:46: Escaped LaTeX specials: \&
    checkRd: (-1) read_kdata.Rd:43: Escaped LaTeX specials: \&
    checkRd: (-1) read_kfamset.Rd:48: Escaped LaTeX specials: \&
    checkRd: (-1) read_kspace.Rd:51: Escaped LaTeX specials: \&
    checkRd: (-1) read_kstructure.Rd:45: Escaped LaTeX specials: \&
    checkRd: (-1) read_surmiserelation.Rd:50: Escaped LaTeX specials: \&
    checkRd: (-1) write_kbase.Rd:36: Escaped LaTeX specials: \&
    checkRd: (-1) write_kdata.Rd:35: Escaped LaTeX specials: \&
    checkRd: (-1) write_kspace.Rd:36: Escaped LaTeX specials: \&
    checkRd: (-1) write_kstructure.Rd:36: Escaped LaTeX specials: \&
    checkRd: (-1) write_surmiserelation.Rd:36: Escaped LaTeX specials: \&
Flavors: r-devel-linux-x86_64-debian-clang, r-devel-linux-x86_64-debian-gcc, r-devel-linux-x86_64-fedora-clang, r-devel-linux-x86_64-fedora-gcc, r-devel-windows-x86_64

Version: 0.3-0
Check: for non-standard things in the check directory
Result: NOTE
    Found the following files/directories:
     'DF7.bas' 'DF7.dat' 'DF7.rel' 'DF7.spc' 'DF7.struct'
Flavors: r-devel-linux-x86_64-debian-clang, r-devel-linux-x86_64-debian-gcc, r-devel-linux-x86_64-fedora-clang, r-devel-linux-x86_64-fedora-gcc, r-patched-linux-x86_64, r-release-linux-x86_64