Last updated on 2021-01-16 06:51:11 CET.
Flavor | Version | Tinstall | Tcheck | Ttotal | Status | Flags |
---|---|---|---|---|---|---|
r-devel-linux-x86_64-debian-clang | 1.0-1 | 16.36 | 151.08 | 167.44 | OK | |
r-devel-linux-x86_64-debian-gcc | 1.0-1 | 13.28 | 115.68 | 128.96 | OK | |
r-devel-linux-x86_64-fedora-clang | 1.0-1 | 208.99 | NOTE | |||
r-devel-linux-x86_64-fedora-gcc | 1.0-1 | 197.54 | OK | |||
r-devel-windows-ix86+x86_64 | 1.0-1 | 28.00 | 140.00 | 168.00 | NOTE | |
r-patched-linux-x86_64 | 1.0-1 | 14.24 | 140.82 | 155.06 | OK | |
r-patched-solaris-x86 | 1.0-1 | 307.50 | NOTE | |||
r-release-linux-x86_64 | 1.0-1 | 14.75 | 140.87 | 155.62 | OK | |
r-release-macos-x86_64 | 1.0-1 | NOTE | ||||
r-release-windows-ix86+x86_64 | 1.0-1 | 31.00 | 130.00 | 161.00 | NOTE | |
r-oldrel-macos-x86_64 | 1.0-1 | NOTE | ||||
r-oldrel-windows-ix86+x86_64 | 1.0-1 | 34.00 | 116.00 | 150.00 | NOTE |
Version: 1.0-1
Check: installed package size
Result: NOTE
installed size is 8.4Mb
sub-directories of 1Mb or more:
data 8.3Mb
Flavors: r-devel-linux-x86_64-fedora-clang, r-devel-windows-ix86+x86_64, r-patched-solaris-x86, r-release-macos-x86_64, r-release-windows-ix86+x86_64, r-oldrel-macos-x86_64, r-oldrel-windows-ix86+x86_64
Version: 1.0-1
Check: Rd cross-references
Result: NOTE
Undeclared package ‘spdep’ in Rd xrefs
Flavor: r-devel-linux-x86_64-fedora-clang