CRAN Package Check Results for Package lagsarlmtree

Last updated on 2022-08-15 06:49:10 CEST.

Flavor Version Tinstall Tcheck Ttotal Status Flags
r-devel-linux-x86_64-debian-clang 1.0-1 38.06 347.85 385.91 OK
r-devel-linux-x86_64-debian-gcc 1.0-1 30.64 256.27 286.91 OK
r-devel-linux-x86_64-fedora-clang 1.0-1 482.22 NOTE
r-devel-linux-x86_64-fedora-gcc 1.0-1 494.82 OK
r-devel-windows-x86_64 1.0-1 35.00 332.00 367.00 NOTE
r-patched-linux-x86_64 1.0-1 33.40 337.63 371.03 OK
r-release-linux-x86_64 1.0-1 35.27 332.02 367.29 OK
r-release-macos-arm64 1.0-1 90.00 NOTE
r-release-macos-x86_64 1.0-1 141.00 NOTE
r-release-windows-x86_64 1.0-1 40.00 327.00 367.00 NOTE
r-oldrel-macos-arm64 1.0-1 73.00 NOTE
r-oldrel-macos-x86_64 1.0-1 97.00 NOTE
r-oldrel-windows-ix86+x86_64 1.0-1 81.00 344.00 425.00 NOTE

Check Details

Version: 1.0-1
Check: installed package size
Result: NOTE
     installed size is 8.4Mb
     sub-directories of 1Mb or more:
     data 8.3Mb
Flavors: r-devel-linux-x86_64-fedora-clang, r-devel-windows-x86_64, r-release-macos-arm64, r-release-macos-x86_64, r-release-windows-x86_64, r-oldrel-macos-arm64, r-oldrel-macos-x86_64, r-oldrel-windows-ix86+x86_64

Version: 1.0-1
Check: Rd cross-references
Result: NOTE
    Undeclared package ‘spdep’ in Rd xrefs
Flavor: r-devel-linux-x86_64-fedora-clang