CRAN Package Check Results for Package lareshiny

Last updated on 2024-06-13 06:58:06 CEST.

Flavor Version Tinstall Tcheck Ttotal Status Flags
r-devel-linux-x86_64-debian-clang 0.0.3 6.58 53.78 60.36 OK
r-devel-linux-x86_64-debian-gcc 0.0.3 0.33 1.56 1.89 ERROR
r-devel-linux-x86_64-fedora-clang 0.0.3 79.58 OK
r-devel-linux-x86_64-fedora-gcc 0.0.3 72.74 OK
r-devel-windows-x86_64 0.0.3 7.00 60.00 67.00 OK
r-patched-linux-x86_64 0.0.3 7.81 51.37 59.18 OK
r-release-linux-x86_64 0.0.3 4.66 52.99 57.65 OK
r-release-macos-arm64 0.0.3 27.00 OK
r-release-macos-x86_64 0.0.3 40.00 OK
r-release-windows-x86_64 0.0.3 7.00 61.00 68.00 OK
r-oldrel-macos-arm64 0.0.3 25.00 OK
r-oldrel-macos-x86_64 0.0.3 50.00 OK
r-oldrel-windows-x86_64 0.0.3 10.00 68.00 78.00 OK

Check Details

Version: 0.0.3
Check: package dependencies
Result: ERROR Package required but not available: ‘dplyr’ Package suggested but not available for checking: ‘lares’ See section ‘The DESCRIPTION file’ in the ‘Writing R Extensions’ manual. Flavor: r-devel-linux-x86_64-debian-gcc