Last updated on 2023-04-01 07:10:42 CEST.
Flavor | Version | Tinstall | Tcheck | Ttotal | Status | Flags |
---|---|---|---|---|---|---|
r-devel-linux-x86_64-debian-clang | 2.10.6 | 25.22 | 199.48 | 224.70 | NOTE | |
r-devel-linux-x86_64-debian-gcc | 2.10.6 | 20.55 | 143.62 | 164.17 | NOTE | |
r-devel-linux-x86_64-fedora-clang | 2.10.6 | 269.22 | NOTE | |||
r-devel-linux-x86_64-fedora-gcc | 2.10.6 | 270.96 | NOTE | |||
r-devel-windows-x86_64 | 2.10.6 | 88.00 | 0.00 | 88.00 | NOTE | |
r-patched-linux-x86_64 | 2.10.6 | 27.79 | 183.07 | 210.86 | NOTE | |
r-release-linux-x86_64 | 2.10.6 | 20.72 | 184.37 | 205.09 | NOTE | |
r-release-macos-arm64 | 2.10.6 | 67.00 | NOTE | |||
r-release-macos-x86_64 | 2.10.6 | 98.00 | NOTE | |||
r-release-windows-x86_64 | 2.10.6 | 42.00 | 227.00 | 269.00 | NOTE | |
r-oldrel-macos-arm64 | 2.10.6 | 65.00 | NOTE | |||
r-oldrel-macos-x86_64 | 2.10.6 | 96.00 | NOTE | |||
r-oldrel-windows-ix86+x86_64 | 2.10.6 | 56.00 | 316.00 | 372.00 | NOTE |
Version: 2.10.6
Check: package dependencies
Result: NOTE
Package suggested but not available for checking: ‘ergm.userterms’
Flavors: r-devel-linux-x86_64-debian-clang, r-devel-linux-x86_64-debian-gcc, r-devel-linux-x86_64-fedora-clang, r-devel-linux-x86_64-fedora-gcc, r-patched-linux-x86_64, r-release-linux-x86_64
Version: 2.10.6
Check: Rd files
Result: NOTE
checkRd: (-1) simulate.ergmm.Rd:35: Escaped LaTeX specials: \$
checkRd: (-1) simulate.ergmm.Rd:36: Escaped LaTeX specials: \$
Flavors: r-devel-linux-x86_64-debian-clang, r-devel-linux-x86_64-debian-gcc, r-devel-linux-x86_64-fedora-clang, r-devel-linux-x86_64-fedora-gcc, r-devel-windows-x86_64, r-patched-linux-x86_64
Version: 2.10.6
Check: Rd cross-references
Result: NOTE
Unknown package ‘ergm.userterms’ in Rd xrefs
Flavors: r-devel-linux-x86_64-debian-clang, r-devel-linux-x86_64-debian-gcc, r-devel-linux-x86_64-fedora-clang, r-devel-linux-x86_64-fedora-gcc, r-patched-linux-x86_64, r-release-linux-x86_64
Version: 2.10.6
Check: for GNU extensions in Makefiles
Result: NOTE
GNU make is a SystemRequirements.
Flavors: r-devel-linux-x86_64-debian-clang, r-devel-linux-x86_64-debian-gcc, r-devel-linux-x86_64-fedora-clang, r-devel-linux-x86_64-fedora-gcc, r-devel-windows-x86_64, r-patched-linux-x86_64, r-release-linux-x86_64, r-release-macos-arm64, r-release-macos-x86_64, r-release-windows-x86_64, r-oldrel-macos-arm64, r-oldrel-macos-x86_64, r-oldrel-windows-ix86+x86_64