Last updated on 2022-07-06 06:52:53 CEST.
Flavor | Version | Tinstall | Tcheck | Ttotal | Status | Flags |
---|---|---|---|---|---|---|
r-devel-linux-x86_64-debian-clang | 2.10.6 | 23.54 | 192.67 | 216.21 | NOTE | |
r-devel-linux-x86_64-debian-gcc | 2.10.6 | 17.51 | 135.92 | 153.43 | NOTE | |
r-devel-linux-x86_64-fedora-clang | 2.10.6 | 260.16 | NOTE | |||
r-devel-linux-x86_64-fedora-gcc | 2.10.6 | 257.55 | NOTE | |||
r-devel-windows-x86_64 | 2.10.6 | 84.00 | 208.00 | 292.00 | NOTE | |
r-patched-linux-x86_64 | 2.10.6 | 27.40 | 181.47 | 208.87 | NOTE | |
r-release-linux-x86_64 | 2.10.6 | 21.79 | 176.10 | 197.89 | NOTE | |
r-release-macos-arm64 | 2.10.6 | 67.00 | NOTE | |||
r-release-macos-x86_64 | 2.10.6 | 98.00 | NOTE | |||
r-release-windows-x86_64 | 2.10.6 | 79.00 | 215.00 | 294.00 | NOTE | |
r-oldrel-macos-arm64 | 2.10.6 | 65.00 | NOTE | |||
r-oldrel-macos-x86_64 | 2.10.6 | 96.00 | NOTE | |||
r-oldrel-windows-ix86+x86_64 | 2.10.6 | 58.00 | 323.00 | 381.00 | NOTE |
Version: 2.10.6
Check: package dependencies
Result: NOTE
Package suggested but not available for checking: 'ergm.userterms'
Flavors: r-devel-linux-x86_64-debian-clang, r-devel-linux-x86_64-debian-gcc, r-devel-linux-x86_64-fedora-clang, r-devel-linux-x86_64-fedora-gcc, r-patched-linux-x86_64, r-release-linux-x86_64
Version: 2.10.6
Check: Rd files
Result: NOTE
checkRd: (-1) simulate.ergmm.Rd:35: Escaped LaTeX specials: \$
checkRd: (-1) simulate.ergmm.Rd:36: Escaped LaTeX specials: \$
Flavors: r-devel-linux-x86_64-debian-clang, r-devel-linux-x86_64-debian-gcc, r-devel-linux-x86_64-fedora-clang, r-devel-linux-x86_64-fedora-gcc, r-devel-windows-x86_64
Version: 2.10.6
Check: Rd cross-references
Result: NOTE
Unknown package 'ergm.userterms' in Rd xrefs
Flavors: r-devel-linux-x86_64-debian-clang, r-devel-linux-x86_64-debian-gcc, r-devel-linux-x86_64-fedora-clang, r-devel-linux-x86_64-fedora-gcc, r-patched-linux-x86_64, r-release-linux-x86_64
Version: 2.10.6
Check: for GNU extensions in Makefiles
Result: NOTE
GNU make is a SystemRequirements.
Flavors: r-devel-linux-x86_64-debian-clang, r-devel-linux-x86_64-debian-gcc, r-devel-linux-x86_64-fedora-clang, r-devel-linux-x86_64-fedora-gcc, r-devel-windows-x86_64, r-patched-linux-x86_64, r-release-linux-x86_64, r-release-macos-arm64, r-release-macos-x86_64, r-release-windows-x86_64, r-oldrel-macos-arm64, r-oldrel-macos-x86_64, r-oldrel-windows-ix86+x86_64