CRAN Package Check Results for Package later

Last updated on 2021-06-13 06:49:53 CEST.

Flavor Version Tinstall Tcheck Ttotal Status Flags
r-devel-linux-x86_64-debian-clang 1.2.0 41.48 81.81 123.29 OK
r-devel-linux-x86_64-debian-gcc 1.2.0 26.68 51.48 78.16 OK
r-devel-linux-x86_64-fedora-clang 1.2.0 166.01 OK
r-devel-linux-x86_64-fedora-gcc 1.2.0 138.70 OK
r-devel-windows-x86_64 1.2.0 60.00 125.00 185.00 OK
r-devel-windows-x86_64-gcc10-UCRT 1.2.0 OK
r-patched-linux-x86_64 1.2.0 31.14 66.92 98.06 OK
r-patched-solaris-x86 1.2.0 180.00 OK
r-release-linux-x86_64 1.2.0 32.01 66.90 98.91 OK
r-release-macos-arm64 1.2.0 ERROR
r-release-macos-x86_64 1.2.0 OK
r-release-windows-ix86+x86_64 1.2.0 91.00 194.00 285.00 OK
r-oldrel-macos-x86_64 1.2.0 OK
r-oldrel-windows-ix86+x86_64 1.2.0 88.00 196.00 284.00 OK

Check Details

Version: 1.2.0
Check: tests
Result: ERROR
     Running ‘testthat.R’ [0s/0s]
    Running the tests in ‘tests/testthat.R’ failed.
    Complete output:
     > # See https://github.com/r-lib/testthat/issues/86
     > Sys.setenv("R_TESTS" = "")
     >
     > library(testthat)
     > library(later)
     >
     > test_check("later")
     Error in loadNamespace(x) : there is no package called 'lifecycle'
     Calls: test_check ... loadNamespace -> withRestarts -> withOneRestart -> doWithOneRestart
     Execution halted
Flavor: r-release-macos-arm64