CRAN Package Check Results for Package latex2exp

Last updated on 2020-09-27 06:46:36 CEST.

Flavor Version Tinstall Tcheck Ttotal Status Flags
r-devel-linux-x86_64-debian-clang 0.4.0 2.46 30.93 33.39 NOTE
r-devel-linux-x86_64-debian-gcc 0.4.0 1.95 23.74 25.69 NOTE
r-devel-linux-x86_64-fedora-clang 0.4.0 49.72 OK
r-devel-linux-x86_64-fedora-gcc 0.4.0 41.04 OK
r-devel-windows-ix86+x86_64 0.4.0 6.00 55.00 61.00 NOTE
r-patched-linux-x86_64 0.4.0 2.55 30.29 32.84 NOTE
r-patched-solaris-x86 0.4.0 60.60 OK
r-release-linux-x86_64 0.4.0 2.34 30.25 32.59 NOTE
r-release-macos-x86_64 0.4.0 OK
r-release-windows-ix86+x86_64 0.4.0 5.00 54.00 59.00 NOTE
r-oldrel-macos-x86_64 0.4.0 OK
r-oldrel-windows-ix86+x86_64 0.4.0 15.00 45.00 60.00 OK

Check Details

Version: 0.4.0
Check: package vignettes
Result: NOTE
    Package vignette with placeholder title 'Vignette Title':
     'using-latex2exp.Rmd'
Flavors: r-devel-linux-x86_64-debian-clang, r-devel-linux-x86_64-debian-gcc, r-devel-windows-ix86+x86_64, r-patched-linux-x86_64, r-release-linux-x86_64, r-release-windows-ix86+x86_64