CRAN Package Check Results for Package latex2exp

Last updated on 2020-11-28 06:49:26 CET.

Flavor Version Tinstall Tcheck Ttotal Status Flags
r-devel-linux-x86_64-debian-clang 0.4.0 2.91 31.78 34.69 NOTE
r-devel-linux-x86_64-debian-gcc 0.4.0 2.16 25.93 28.09 NOTE
r-devel-linux-x86_64-fedora-clang 0.4.0 47.56 OK
r-devel-linux-x86_64-fedora-gcc 0.4.0 38.23 OK
r-devel-windows-ix86+x86_64 0.4.0 5.00 36.00 41.00 NOTE
r-patched-linux-x86_64 0.4.0 3.21 31.20 34.41 NOTE
r-patched-solaris-x86 0.4.0 61.80 OK
r-release-linux-x86_64 0.4.0 3.04 33.14 36.18 NOTE
r-release-macos-x86_64 0.4.0 OK
r-release-windows-ix86+x86_64 0.4.0 6.00 36.00 42.00 NOTE
r-oldrel-macos-x86_64 0.4.0 OK
r-oldrel-windows-ix86+x86_64 0.4.0 4.00 50.00 54.00 OK

Check Details

Version: 0.4.0
Check: package vignettes
Result: NOTE
    Package vignette with placeholder title 'Vignette Title':
     'using-latex2exp.Rmd'
Flavors: r-devel-linux-x86_64-debian-clang, r-devel-linux-x86_64-debian-gcc, r-devel-windows-ix86+x86_64, r-patched-linux-x86_64, r-release-linux-x86_64, r-release-windows-ix86+x86_64