CRAN Package Check Results for Package latticeDensity

Last updated on 2022-01-20 06:49:23 CET.

Flavor Version Tinstall Tcheck Ttotal Status Flags
r-devel-linux-x86_64-debian-clang 1.2.6 OK
r-devel-linux-x86_64-debian-gcc 1.2.6 30.46 318.84 349.30 OK
r-devel-linux-x86_64-fedora-clang 1.2.6 558.60 NOTE
r-devel-linux-x86_64-fedora-gcc 1.2.6 542.34 NOTE
r-devel-windows-x86_64-new-UL 1.2.6 157.00 420.00 577.00 OK
r-devel-windows-x86_64-new-TK 1.2.6 NOTE
r-patched-linux-x86_64 1.2.6 27.20 408.67 435.87 OK
r-release-linux-x86_64 1.2.6 OK
r-release-macos-arm64 1.2.6 NOTE
r-release-macos-x86_64 1.2.6 NOTE
r-release-windows-ix86+x86_64 1.2.6 80.00 455.00 535.00 OK
r-oldrel-macos-x86_64 1.2.6 NOTE
r-oldrel-windows-ix86+x86_64 1.2.6 83.00 467.00 550.00 OK

Check Details

Version: 1.2.6
Check: dependencies in R code
Result: NOTE
    Namespace in Imports field not imported from: ‘sf’
     All declared Imports should be used.
Flavors: r-devel-linux-x86_64-fedora-clang, r-devel-linux-x86_64-fedora-gcc, r-devel-windows-x86_64-new-TK, r-release-macos-arm64, r-release-macos-x86_64, r-oldrel-macos-x86_64