CRAN Package Check Results for Package latticeExtra

Last updated on 2020-11-24 06:46:48 CET.

Flavor Version Tinstall Tcheck Ttotal Status Flags
r-devel-linux-x86_64-debian-clang 0.6-29 9.04 81.66 90.70 OK
r-devel-linux-x86_64-debian-gcc 0.6-29 6.37 63.60 69.97 OK
r-devel-linux-x86_64-fedora-clang 0.6-29 113.70 NOTE
r-devel-linux-x86_64-fedora-gcc 0.6-29 104.17 OK
r-devel-windows-ix86+x86_64 0.6-29 13.00 100.00 113.00 OK
r-patched-linux-x86_64 0.6-29 7.26 79.01 86.27 OK
r-patched-solaris-x86 0.6-29 143.10 OK
r-release-linux-x86_64 0.6-29 7.36 79.62 86.98 OK
r-release-macos-x86_64 0.6-29 OK
r-release-windows-ix86+x86_64 0.6-29 11.00 95.00 106.00 OK
r-oldrel-macos-x86_64 0.6-29 OK
r-oldrel-windows-ix86+x86_64 0.6-29 10.00 111.00 121.00 OK

Check Details

Version: 0.6-29
Check: Rd cross-references
Result: NOTE
    Undeclared package ‘ggplot2’ in Rd xrefs
Flavor: r-devel-linux-x86_64-fedora-clang