CRAN Package Check Results for Package lazyarray

Last updated on 2023-01-27 07:50:35 CET.

Flavor Version Tinstall Tcheck Ttotal Status Flags
r-devel-linux-x86_64-debian-clang 1.1.0 40.94 43.54 84.48 OK
r-devel-linux-x86_64-debian-gcc 1.1.0 33.74 32.48 66.22 NOTE
r-devel-linux-x86_64-fedora-clang 1.1.0 122.75 OK
r-devel-linux-x86_64-fedora-gcc 1.1.0 128.06 NOTE
r-devel-windows-x86_64 1.1.0 54.00 97.00 151.00 OK
r-patched-linux-x86_64 1.1.0 35.76 40.92 76.68 OK
r-release-linux-x86_64 1.1.0 37.44 41.61 79.05 OK
r-release-macos-arm64 1.1.0 34.00 OK
r-release-macos-x86_64 1.1.0 46.00 OK
r-release-windows-x86_64 1.1.0 47.00 108.00 155.00 OK
r-oldrel-macos-arm64 1.1.0 36.00 OK
r-oldrel-macos-x86_64 1.1.0 64.00 OK
r-oldrel-windows-ix86+x86_64 1.1.0 106.00 90.00 196.00 OK

Check Details

Version: 1.1.0
Check: C++ specification
Result: NOTE
     Specified C++11: please update to current default of C++17
Flavors: r-devel-linux-x86_64-debian-gcc, r-devel-linux-x86_64-fedora-gcc