CRAN Package Check Results for Package lazysql

Last updated on 2023-01-28 07:14:58 CET.

Flavor Version Tinstall Tcheck Ttotal Status Flags
r-devel-linux-x86_64-debian-clang 0.1.3 1.30 23.35 24.65 NOTE
r-devel-linux-x86_64-debian-gcc 0.1.3 1.58 18.74 20.32 NOTE
r-devel-linux-x86_64-fedora-clang 0.1.3 32.55 NOTE
r-devel-linux-x86_64-fedora-gcc 0.1.3 31.32 NOTE
r-devel-windows-x86_64 0.1.3 11.00 50.00 61.00 NOTE
r-patched-linux-x86_64 0.1.3 2.20 23.73 25.93 NOTE
r-release-linux-x86_64 0.1.3 2.09 24.05 26.14 NOTE
r-release-macos-arm64 0.1.3 16.00 NOTE
r-release-macos-x86_64 0.1.3 22.00 NOTE
r-release-windows-x86_64 0.1.3 12.00 51.00 63.00 NOTE
r-oldrel-macos-arm64 0.1.3 20.00 NOTE
r-oldrel-macos-x86_64 0.1.3 26.00 NOTE
r-oldrel-windows-ix86+x86_64 0.1.3 4.00 49.00 53.00 NOTE

Check Details

Version: 0.1.3
Check: LazyData
Result: NOTE
     'LazyData' is specified without a 'data' directory
Flavors: r-devel-linux-x86_64-debian-clang, r-devel-linux-x86_64-debian-gcc, r-devel-linux-x86_64-fedora-clang, r-devel-linux-x86_64-fedora-gcc, r-devel-windows-x86_64, r-patched-linux-x86_64, r-release-linux-x86_64, r-release-macos-arm64, r-release-macos-x86_64, r-release-windows-x86_64, r-oldrel-macos-arm64, r-oldrel-macos-x86_64, r-oldrel-windows-ix86+x86_64