Last updated on 2023-02-02 06:54:56 CET.
Flavor | Version | Tinstall | Tcheck | Ttotal | Status | Flags |
---|---|---|---|---|---|---|
r-devel-linux-x86_64-debian-clang | 0.0.2 | 49.41 | 73.78 | 123.19 | NOTE | |
r-devel-linux-x86_64-debian-gcc | 0.0.2 | 39.57 | 53.82 | 93.39 | NOTE | |
r-devel-linux-x86_64-fedora-clang | 0.0.2 | 173.17 | NOTE | |||
r-devel-linux-x86_64-fedora-gcc | 0.0.2 | 167.20 | NOTE | |||
r-devel-windows-x86_64 | 0.0.2 | 60.00 | 131.00 | 191.00 | NOTE | |
r-patched-linux-x86_64 | 0.0.2 | 38.25 | 67.53 | 105.78 | OK | |
r-release-linux-x86_64 | 0.0.2 | 41.69 | 69.38 | 111.07 | OK | |
r-release-macos-arm64 | 0.0.2 | 45.00 | OK | |||
r-release-macos-x86_64 | 0.0.2 | 70.00 | OK | |||
r-release-windows-x86_64 | 0.0.2 | 55.00 | 131.00 | 186.00 | OK | |
r-oldrel-macos-arm64 | 0.0.2 | 54.00 | OK | |||
r-oldrel-macos-x86_64 | 0.0.2 | 83.00 | OK | |||
r-oldrel-windows-ix86+x86_64 | 0.0.2 | 121.00 | 142.00 | 263.00 | OK |
Version: 0.0.2
Check: C++ specification
Result: NOTE
Specified C++11: please update to current default of C++17
Flavors: r-devel-linux-x86_64-debian-clang, r-devel-linux-x86_64-debian-gcc, r-devel-linux-x86_64-fedora-clang, r-devel-linux-x86_64-fedora-gcc, r-devel-windows-x86_64
Version: 0.0.2
Check: package subdirectories
Result: NOTE
Problems with news in ‘NEWS.md’:
No news entries found.
Flavors: r-devel-linux-x86_64-debian-clang, r-devel-linux-x86_64-debian-gcc, r-devel-linux-x86_64-fedora-clang, r-devel-linux-x86_64-fedora-gcc, r-devel-windows-x86_64