Last updated on 2022-05-28 07:05:56 CEST.
Flavor | Version | Tinstall | Tcheck | Ttotal | Status | Flags |
---|---|---|---|---|---|---|
r-devel-linux-x86_64-debian-clang | 1.0.0 | 5.01 | 48.34 | 53.35 | NOTE | |
r-devel-linux-x86_64-debian-gcc | 1.0.0 | 4.08 | 37.53 | 41.61 | NOTE | |
r-devel-linux-x86_64-fedora-clang | 1.0.0 | 64.49 | NOTE | |||
r-devel-linux-x86_64-fedora-gcc | 1.0.0 | 62.45 | NOTE | |||
r-devel-windows-x86_64 | 1.0.0 | 506.00 | 80.00 | 586.00 | NOTE | |
r-patched-linux-x86_64 | 1.0.0 | 11.30 | 47.58 | 58.88 | NOTE | |
r-release-linux-x86_64 | 1.0.0 | 5.43 | 46.79 | 52.22 | NOTE | |
r-release-macos-arm64 | 1.0.0 | 22.00 | NOTE | |||
r-release-macos-x86_64 | 1.0.0 | 46.00 | NOTE | |||
r-release-windows-x86_64 | 1.0.0 | 421.00 | 69.00 | 490.00 | NOTE | |
r-oldrel-macos-arm64 | 1.0.0 | 25.00 | NOTE | |||
r-oldrel-macos-x86_64 | 1.0.0 | 34.00 | NOTE | |||
r-oldrel-windows-ix86+x86_64 | 1.0.0 | 13.00 | 62.00 | 75.00 | NOTE |
Version: 1.0.0
Check: LazyData
Result: NOTE
'LazyData' is specified without a 'data' directory
Flavors: r-devel-linux-x86_64-debian-clang, r-devel-linux-x86_64-debian-gcc, r-devel-linux-x86_64-fedora-clang, r-devel-linux-x86_64-fedora-gcc, r-devel-windows-x86_64, r-patched-linux-x86_64, r-release-linux-x86_64, r-release-macos-arm64, r-release-macos-x86_64, r-release-windows-x86_64, r-oldrel-macos-arm64, r-oldrel-macos-x86_64, r-oldrel-windows-ix86+x86_64