CRAN Package Check Results for Package lefko3

Last updated on 2022-07-05 06:51:53 CEST.

Flavor Version Tinstall Tcheck Ttotal Status Flags
r-devel-linux-x86_64-debian-clang 5.3.0 534.61 254.82 789.43 OK
r-devel-linux-x86_64-debian-gcc 5.3.0 548.56 187.63 736.19 OK
r-devel-linux-x86_64-fedora-clang 5.3.0 1058.49 NOTE
r-devel-linux-x86_64-fedora-gcc 5.3.0 1074.31 OK
r-devel-windows-x86_64 5.3.0 256.00 331.00 587.00 NOTE
r-patched-linux-x86_64 5.3.0 447.95 241.29 689.24 OK
r-release-linux-x86_64 5.3.0 448.06 245.58 693.64 OK
r-release-macos-arm64 5.3.0 199.00 NOTE
r-release-macos-x86_64 5.3.0 346.00 NOTE
r-release-windows-x86_64 5.3.0 262.00 329.00 591.00 NOTE
r-oldrel-macos-arm64 5.3.0 176.00 NOTE
r-oldrel-macos-x86_64 5.3.0 348.00 NOTE
r-oldrel-windows-ix86+x86_64 5.3.0 867.00 426.00 1293.00 NOTE

Check Details

Version: 5.3.0
Check: installed package size
Result: NOTE
     installed size is 31.6Mb
     sub-directories of 1Mb or more:
     doc 2.8Mb
     libs 27.5Mb
Flavors: r-devel-linux-x86_64-fedora-clang, r-devel-windows-x86_64, r-release-macos-arm64, r-release-macos-x86_64, r-release-windows-x86_64, r-oldrel-macos-arm64, r-oldrel-macos-x86_64, r-oldrel-windows-ix86+x86_64