CRAN Package Check Results for Package lehdr

Last updated on 2023-03-24 05:52:17 CET.

Flavor Version Tinstall Tcheck Ttotal Status Flags
r-devel-linux-x86_64-debian-clang 1.0.1 5.77 149.80 155.57 OK
r-devel-linux-x86_64-debian-gcc 1.0.1 4.15 127.77 131.92 OK
r-devel-linux-x86_64-fedora-clang 1.0.1 193.04 NOTE
r-devel-linux-x86_64-fedora-gcc 1.0.1 200.53 NOTE
r-patched-linux-x86_64 1.0.1 5.85 146.42 152.27 OK
r-release-linux-x86_64 1.0.1 5.48 170.57 176.05 OK
r-release-macos-arm64 1.0.1 258.00 NOTE
r-release-macos-x86_64 1.0.1 336.00 NOTE
r-release-windows-x86_64 1.0.1 14.00 298.00 312.00 OK
r-oldrel-macos-arm64 1.0.1 246.00 NOTE
r-oldrel-macos-x86_64 1.0.1 277.00 NOTE
r-oldrel-windows-ix86+x86_64 1.0.1 13.00 279.00 292.00 OK

Check Details

Version: 1.0.1
Check: dependencies in R code
Result: NOTE
    Namespace in Imports field not imported from: ‘rlang’
     All declared Imports should be used.
Flavors: r-devel-linux-x86_64-fedora-clang, r-devel-linux-x86_64-fedora-gcc, r-release-macos-arm64, r-release-macos-x86_64, r-oldrel-macos-arm64, r-oldrel-macos-x86_64