Last updated on 2023-03-24 05:52:17 CET.
Flavor | Version | Tinstall | Tcheck | Ttotal | Status | Flags |
---|---|---|---|---|---|---|
r-devel-linux-x86_64-debian-clang | 0.0.8 | 14.04 | 53.84 | 67.88 | OK | |
r-devel-linux-x86_64-debian-gcc | 0.0.8 | 10.95 | 40.54 | 51.49 | OK | |
r-devel-linux-x86_64-fedora-clang | 0.0.8 | 90.02 | OK | |||
r-devel-linux-x86_64-fedora-gcc | 0.0.8 | 82.02 | OK | |||
r-patched-linux-x86_64 | 0.0.8 | 15.95 | 49.69 | 65.64 | OK | |
r-release-linux-x86_64 | 0.0.8 | 15.01 | 50.30 | 65.31 | OK | |
r-release-macos-arm64 | 0.0.8 | 27.00 | OK | |||
r-release-macos-x86_64 | 0.0.8 | 37.00 | OK | |||
r-release-windows-x86_64 | 0.0.8 | 22.00 | 94.00 | 116.00 | NOTE | |
r-oldrel-macos-arm64 | 0.0.8 | 29.00 | OK | |||
r-oldrel-macos-x86_64 | 0.0.8 | 40.00 | OK | |||
r-oldrel-windows-ix86+x86_64 | 0.0.8 | 25.00 | 106.00 | 131.00 | WARN |
Version: 0.0.8
Check: package dependencies
Result: NOTE
Package suggested but not available for checking: 'rsyslog'
Flavors: r-release-windows-x86_64, r-oldrel-windows-ix86+x86_64
Version: 0.0.8
Check: dependencies in R code
Result: NOTE
Initiating curl with CURL_SSL_BACKEND: openssl
Flavor: r-oldrel-windows-ix86+x86_64
Version: 0.0.8
Check: Rd cross-references
Result: NOTE
Package unavailable to check Rd xrefs: 'rsyslog'
Flavor: r-oldrel-windows-ix86+x86_64
Version: 0.0.8
Check: for unstated dependencies in ‘tests’
Result: WARN
Warning: unable to access index for repository https://bioconductor.org/packages/3.14/bioc/src/contrib:
cannot open URL 'https://bioconductor.org/packages/3.14/bioc/src/contrib/PACKAGES'
Warning: unable to access index for repository https://bioconductor.org/packages/3.14/data/annotation/src/contrib:
cannot open URL 'https://bioconductor.org/packages/3.14/data/annotation/src/contrib/PACKAGES'
Warning: unable to access index for repository https://bioconductor.org/packages/3.14/data/experiment/src/contrib:
cannot open URL 'https://bioconductor.org/packages/3.14/data/experiment/src/contrib/PACKAGES'
Flavor: r-oldrel-windows-ix86+x86_64