Last updated on 2023-04-02 06:50:31 CEST.
Flavor | Version | Tinstall | Tcheck | Ttotal | Status | Flags |
---|---|---|---|---|---|---|
r-devel-linux-x86_64-debian-clang | 0.9.6 | 8.34 | 78.77 | 87.11 | OK | |
r-devel-linux-x86_64-debian-gcc | 0.9.6 | 6.45 | 57.10 | 63.55 | OK | |
r-devel-linux-x86_64-fedora-clang | 0.9.6 | 105.22 | NOTE | |||
r-devel-linux-x86_64-fedora-gcc | 0.9.6 | 110.53 | NOTE | |||
r-devel-windows-x86_64 | 0.9.6 | 14.00 | 104.00 | 118.00 | OK | |
r-patched-linux-x86_64 | 0.9.6 | 6.29 | 71.67 | 77.96 | OK | |
r-release-linux-x86_64 | 0.9.6 | 9.28 | 75.39 | 84.67 | OK | |
r-release-macos-arm64 | 0.9.6 | 39.00 | NOTE | |||
r-release-macos-x86_64 | 0.9.6 | 48.00 | NOTE | |||
r-release-windows-x86_64 | 0.9.6 | 15.00 | 114.00 | 129.00 | OK |
Version: 0.9.6
Check: dependencies in R code
Result: NOTE
Namespace in Imports field not imported from: ‘knitr’
All declared Imports should be used.
Flavors: r-devel-linux-x86_64-fedora-clang, r-devel-linux-x86_64-fedora-gcc, r-release-macos-arm64, r-release-macos-x86_64