CRAN Package Check Results for Package liger

Last updated on 2020-08-14 06:49:00 CEST.

Flavor Version Tinstall Tcheck Ttotal Status Flags
r-devel-linux-x86_64-debian-clang 1.1.2 34.92 151.45 186.37 OK
r-devel-linux-x86_64-debian-gcc 1.1.2 25.92 104.96 130.88 OK
r-devel-linux-x86_64-fedora-clang 1.1.2 245.94 NOTE
r-devel-linux-x86_64-fedora-gcc 1.1.2 218.47 OK
r-devel-windows-ix86+x86_64 1.1.2 84.00 220.00 304.00 NOTE
r-patched-linux-x86_64 1.1.2 27.47 141.67 169.14 OK
r-patched-solaris-x86 1.1.2 327.60 NOTE
r-release-linux-x86_64 1.1.2 28.85 141.92 170.77 OK
r-release-macos-x86_64 1.1.2 NOTE
r-release-windows-ix86+x86_64 1.1.2 82.00 203.00 285.00 NOTE
r-oldrel-macos-x86_64 1.1.2 NOTE
r-oldrel-windows-ix86+x86_64 1.1.2 55.00 186.00 241.00 NOTE

Check Details

Version: 1.1.2
Check: installed package size
Result: NOTE
     installed size is 6.5Mb
     sub-directories of 1Mb or more:
     data 3.3Mb
     doc 2.1Mb
Flavors: r-devel-linux-x86_64-fedora-clang, r-devel-windows-ix86+x86_64, r-patched-solaris-x86, r-release-macos-x86_64, r-release-windows-ix86+x86_64, r-oldrel-macos-x86_64, r-oldrel-windows-ix86+x86_64