CRAN Package Check Results for Package linguisticsdown

Last updated on 2023-03-24 05:52:17 CET.

Flavor Version Tinstall Tcheck Ttotal Status Flags
r-devel-linux-x86_64-debian-clang 1.2.0 3.89 41.23 45.12 NOTE
r-devel-linux-x86_64-debian-gcc 1.2.0 3.77 32.39 36.16 NOTE
r-devel-linux-x86_64-fedora-clang 1.2.0 62.93 NOTE
r-devel-linux-x86_64-fedora-gcc 1.2.0 55.46 NOTE
r-patched-linux-x86_64 1.2.0 4.87 41.90 46.77 NOTE
r-release-linux-x86_64 1.2.0 4.83 42.07 46.90 NOTE
r-release-macos-arm64 1.2.0 19.00 NOTE
r-release-macos-x86_64 1.2.0 40.00 NOTE
r-release-windows-x86_64 1.2.0 9.00 76.00 85.00 NOTE
r-oldrel-macos-arm64 1.2.0 26.00 NOTE
r-oldrel-macos-x86_64 1.2.0 34.00 NOTE
r-oldrel-windows-ix86+x86_64 1.2.0 14.00 72.00 86.00 NOTE

Check Details

Version: 1.2.0
Check: LazyData
Result: NOTE
     'LazyData' is specified without a 'data' directory
Flavors: r-devel-linux-x86_64-debian-clang, r-devel-linux-x86_64-debian-gcc, r-devel-linux-x86_64-fedora-clang, r-devel-linux-x86_64-fedora-gcc, r-patched-linux-x86_64, r-release-linux-x86_64, r-release-macos-arm64, r-release-macos-x86_64, r-release-windows-x86_64, r-oldrel-macos-arm64, r-oldrel-macos-x86_64, r-oldrel-windows-ix86+x86_64